{"id":2,"date":"2020-11-27T15:33:59","date_gmt":"2020-11-27T15:33:59","guid":{"rendered":"https:\/\/vorosistvan.hu\/vorosistvanwebaruhaz\/?page_id=2"},"modified":"2023-10-02T19:13:57","modified_gmt":"2023-10-02T19:13:57","slug":"barion-fizetes-bankkartyaval","status":"publish","type":"page","link":"https:\/\/vorosistvan.hu\/vorosistvanwebaruhaz\/barion-fizetes-bankkartyaval\/","title":{"rendered":"BARION \u2013 FIZET\u00c9S BANKK\u00c1RTY\u00c1VAL"},"content":{"rendered":"<h2>Mit jelent a BARION\u2122?<\/h2>\n<p>A Barion elektronikus fizet\u00e9seket lebonyol\u00edt\u00f3 szolg\u00e1ltat\u00e1s, amivel k\u00e9nyelmesen \u00e9s biztons\u00e1gosan tudsz bankk\u00e1rty\u00e1val, vagy el\u0151re felt\u00f6lt\u00f6tt egyenleggel fizetni web\u00e1ruh\u00e1zakban, mobilalkalmaz\u00e1sokban, vagy bar\u00e1taidnak.<\/p>\n<p>A szolg\u00e1ltat\u00e1st ny\u00fajt\u00f3 Barion Payment Zrt a Magyar Nemzeti Bank fel\u00fcgyelete alatt \u00e1ll\u00f3 int\u00e9zm\u00e9ny, enged\u00e9ly\u00e9nek sz\u00e1ma: H-EN-I-1064\/2013.<\/p>\n<h2>Fizess k\u00e9nyelmesen bankk\u00e1rty\u00e1val<\/h2>\n<p>A bankk\u00e1rty\u00e1s fizet\u00e9shez nem k\u00f6telez\u0151 a regisztr\u00e1ci\u00f3, el\u00e9g megadni bankk\u00e1rty\u00e1d sz\u00e1m\u00e1t, a lej\u00e1rati d\u00e1tumot \u00e9s a h\u00e1toldalon tal\u00e1lhat\u00f3 CVC k\u00f3dot, valamint egy m\u0171k\u00f6d\u0151 e-mail c\u00edmet.<\/p>\n<p>Ha azonban regisztr\u00e1lsz, soha t\u00f6bb\u00e9 nem kell beg\u00e9pelned a k\u00e1rtyasz\u00e1modat egyetlen Barion elfogad\u00f3helyen sem, a fizet\u00e9shez el\u00e9g az e-mailc\u00edmed \u00e9s jelszavad. Ez nem csak k\u00e9nyelmes, de a biztons\u00e1godat is n\u00f6veli!<\/p>\n<p><img decoding=\"async\" class=\"alignnone  wp-image-1563 lazyload\" data-src=\"https:\/\/vorosistvan.hu\/vorosistvanwebaruhaz\/wp-content\/uploads\/2021\/07\/barion-card-strip-intl_400px-250x26.png\" alt=\"\" width=\"336\" height=\"35\" data-srcset=\"https:\/\/vorosistvan.hu\/vorosistvanwebaruhaz\/wp-content\/uploads\/2021\/07\/barion-card-strip-intl_400px-250x26.png 250w, https:\/\/vorosistvan.hu\/vorosistvanwebaruhaz\/wp-content\/uploads\/2021\/07\/barion-card-strip-intl_400px.png 400w\" data-sizes=\"(max-width: 336px) 100vw, 336px\" src=\"data:image\/svg+xml;base64,PHN2ZyB3aWR0aD0iMSIgaGVpZ2h0PSIxIiB4bWxucz0iaHR0cDovL3d3dy53My5vcmcvMjAwMC9zdmciPjwvc3ZnPg==\" style=\"--smush-placeholder-width: 336px; --smush-placeholder-aspect-ratio: 336\/35;\" \/><\/p>\n<p><em>Fizet\u00e9shez haszn\u00e1lhatod:\u00a0<\/em><\/p>\n<ul style=\"list-style-type: circle;\">\n<li>Mastercard vagy Maestro bankk\u00e1rty\u00e1dat<\/li>\n<li>Visa vagy Electron bankk\u00e1rty\u00e1dat<\/li>\n<li>Amex bankk\u00e1rty\u00e1dat<\/li>\n<\/ul>\n<h2>Fizess k\u00e9nyelmesen bankk\u00e1rtya n\u00e9lk\u00fcl<\/h2>\n<p>Ha nincsen bankk\u00e1rty\u00e1d, fizet\u00e9shez haszn\u00e1lhatod, az el\u0151re felt\u00f6lt Barion egyenlegedet, amelyet \u00e1tutal\u00e1ssal vagy k\u00e9szp\u00e9nz befizet\u00e9ssel tudsz felt\u00f6lteni, illetve amire ismer\u0151seid, \u00fczletfeleid tudnak neked p\u00e9nzt k\u00fcldeni. Ebben az esetben e-mailc\u00edmed \u00e9s jelszavad megad\u00e1s\u00e1val tudsz fizetni.<\/p>\n<h2>Ingyenes<\/h2>\n<p>A bankk\u00e1rty\u00e1s fizet\u00e9snek a v\u00e1s\u00e1rl\u00f3 r\u00e9sz\u00e9re nincsen \u00e9s nem is lehet fel\u00e1ra. A regisztr\u00e1ci\u00f3 \u00e9s a Barion mobilalkalmaz\u00e1s, valamint a p\u00e9nz fogad\u00e1s \u00e9s k\u00fcld\u00e9s ingyenes, \u00e9s az is marad.Nincs havi d\u00edj sem.<\/p>\n<h2>K\u00f6vesd v\u00e1s\u00e1rl\u00e1saidat<\/h2>\n<p>A Barion alkalmaz\u00e1sokkal k\u00f6vetheted v\u00e1s\u00e1rl\u00e1saidat, a weben vagy mobilon. Az ingyenes Barion t\u00e1rca azonnal jelzi minden v\u00e1s\u00e1rl\u00e1sodat, m\u00e9g azt is l\u00e1tod, mit vett\u00e9l. Barion egyenleged is itt kezelheted, illetve p\u00e9nzt k\u00fcldhetsz vagy fogadhatsz<\/p>\n<p>DI barion webapp.png Dl playstore hu.pngDl appstore hu.png<\/p>\n<p>Els\u0151 a biztons\u00e1g<br \/>\nA Barion szervereit a Comodo 2048 bites TLS titkos\u00edt\u00e1sa v\u00e9di. Fizet\u00e9s el\u0151tt mindig ellen\u0151rizd, hogy val\u00f3ban a Barion biztons\u00e1gos szerver\u00e9n adod meg a fizet\u00e9shez sz\u00fcks\u00e9ges bankk\u00e1rtya adatokat vagy jelsz\u00f3t.<\/p>\n<p>A Barion rendelkezik a bankk\u00e1rtya t\u00e1rsas\u00e1gok \u00e1ltal megk\u00f6vetelt PCI DSS tan\u00fas\u00edtv\u00e1nnyal, \u00edgy jogosult bankk\u00e1rtya adatokat kezelni. A Barion szerverek biztons\u00e1g\u00e1t a Magyar Nemzeti Bank el\u0151\u00edr\u00e1sa szerint alak\u00edtott\u00e1k ki.<\/p>\n<p>TOV\u00c1BBI INFORM\u00c1CI\u00d3 \u00c9S INGYENES REGISZTR\u00c1CI\u00d3 A BARION OLDAL\u00c1N<br \/>\nwww.barion.com<\/p>\n","protected":false},"excerpt":{"rendered":"<p>Mit jelent a BARION\u2122? A Barion elektronikus fizet\u00e9seket lebonyol\u00edt\u00f3 szolg\u00e1ltat\u00e1s, amivel k\u00e9nyelmesen \u00e9s biztons\u00e1gosan tudsz bankk\u00e1rty\u00e1val, vagy el\u0151re felt\u00f6lt\u00f6tt egyenleggel fizetni web\u00e1ruh\u00e1zakban, mobilalkalmaz\u00e1sokban, vagy bar\u00e1taidnak. A szolg\u00e1ltat\u00e1st ny\u00fajt\u00f3 Barion Payment Zrt a Magyar Nemzeti Bank fel\u00fcgyelete alatt \u00e1ll\u00f3 int\u00e9zm\u00e9ny, enged\u00e9ly\u00e9nek sz\u00e1ma: H-EN-I-1064\/2013. Fizess k\u00e9nyelmesen bankk\u00e1rty\u00e1val A bankk\u00e1rty\u00e1s fizet\u00e9shez nem k\u00f6telez\u0151 a regisztr\u00e1ci\u00f3, el\u00e9g megadni bankk\u00e1rty\u00e1d&hellip;&nbsp;<a href=\"https:\/\/vorosistvan.hu\/vorosistvanwebaruhaz\/barion-fizetes-bankkartyaval\/\" rel=\"bookmark\">Read More &raquo;<span class=\"screen-reader-text\">BARION \u2013 FIZET\u00c9S BANKK\u00c1RTY\u00c1VAL<\/span><\/a><\/p>\n","protected":false},"author":1,"featured_media":0,"parent":0,"menu_order":0,"comment_status":"closed","ping_status":"closed","template":"","meta":{"neve_meta_sidebar":"full-width","neve_meta_container":"","neve_meta_enable_content_width":"on","neve_meta_content_width":99,"neve_meta_title_alignment":"","neve_meta_author_avatar":"","neve_post_elements_order":"","neve_meta_disable_header":"","neve_meta_disable_footer":"","neve_meta_disable_title":"","footnotes":""},"class_list":["post-2","page","type-page","status-publish","hentry"],"yoast_head":"<!-- This site is optimized with the Yoast SEO plugin v27.4 - https:\/\/yoast.com\/product\/yoast-seo-wordpress\/ -->\n<title>BARION \u2013 FIZET\u00c9S BANKK\u00c1RTY\u00c1VAL - V\u00f6r\u00f6s Istv\u00e1n web\u00e1ruh\u00e1z<\/title>\n<meta name=\"robots\" content=\"index, follow, max-snippet:-1, max-image-preview:large, max-video-preview:-1\" \/>\n<link rel=\"canonical\" href=\"https:\/\/vorosistvan.hu\/vorosistvanwebaruhaz\/barion-fizetes-bankkartyaval\/\" \/>\n<meta property=\"og:locale\" content=\"hu_HU\" \/>\n<meta property=\"og:type\" content=\"article\" \/>\n<meta property=\"og:title\" content=\"BARION \u2013 FIZET\u00c9S BANKK\u00c1RTY\u00c1VAL - V\u00f6r\u00f6s Istv\u00e1n web\u00e1ruh\u00e1z\" \/>\n<meta property=\"og:description\" content=\"Mit jelent a BARION\u2122? A Barion elektronikus fizet\u00e9seket lebonyol\u00edt\u00f3 szolg\u00e1ltat\u00e1s, amivel k\u00e9nyelmesen \u00e9s biztons\u00e1gosan tudsz bankk\u00e1rty\u00e1val, vagy el\u0151re felt\u00f6lt\u00f6tt egyenleggel fizetni web\u00e1ruh\u00e1zakban, mobilalkalmaz\u00e1sokban, vagy bar\u00e1taidnak. A szolg\u00e1ltat\u00e1st ny\u00fajt\u00f3 Barion Payment Zrt a Magyar Nemzeti Bank fel\u00fcgyelete alatt \u00e1ll\u00f3 int\u00e9zm\u00e9ny, enged\u00e9ly\u00e9nek sz\u00e1ma: H-EN-I-1064\/2013. Fizess k\u00e9nyelmesen bankk\u00e1rty\u00e1val A bankk\u00e1rty\u00e1s fizet\u00e9shez nem k\u00f6telez\u0151 a regisztr\u00e1ci\u00f3, el\u00e9g megadni bankk\u00e1rty\u00e1d&hellip;&nbsp;Read More &raquo;BARION \u2013 FIZET\u00c9S BANKK\u00c1RTY\u00c1VAL\" \/>\n<meta property=\"og:url\" content=\"https:\/\/vorosistvan.hu\/vorosistvanwebaruhaz\/barion-fizetes-bankkartyaval\/\" \/>\n<meta property=\"og:site_name\" content=\"V\u00f6r\u00f6s Istv\u00e1n web\u00e1ruh\u00e1z\" \/>\n<meta property=\"article:modified_time\" content=\"2023-10-02T19:13:57+00:00\" \/>\n<meta property=\"og:image\" content=\"https:\/\/vorosistvan.hu\/vorosistvanwebaruhaz\/wp-content\/uploads\/2021\/07\/barion-card-strip-intl_400px-250x26.png\" \/>\n<meta name=\"twitter:card\" content=\"summary_large_image\" \/>\n<meta name=\"twitter:label1\" content=\"Becs\u00fclt olvas\u00e1si id\u0151\" \/>\n\t<meta name=\"twitter:data1\" content=\"2 perc\" \/>\n<script type=\"application\/ld+json\" class=\"yoast-schema-graph\">{\"@context\":\"https:\\\/\\\/schema.org\",\"@graph\":[{\"@type\":\"WebPage\",\"@id\":\"https:\\\/\\\/vorosistvan.hu\\\/vorosistvanwebaruhaz\\\/barion-fizetes-bankkartyaval\\\/\",\"url\":\"https:\\\/\\\/vorosistvan.hu\\\/vorosistvanwebaruhaz\\\/barion-fizetes-bankkartyaval\\\/\",\"name\":\"BARION \u2013 FIZET\u00c9S BANKK\u00c1RTY\u00c1VAL - V\u00f6r\u00f6s Istv\u00e1n web\u00e1ruh\u00e1z\",\"isPartOf\":{\"@id\":\"https:\\\/\\\/vorosistvan.hu\\\/vorosistvanwebaruhaz\\\/#website\"},\"primaryImageOfPage\":{\"@id\":\"https:\\\/\\\/vorosistvan.hu\\\/vorosistvanwebaruhaz\\\/barion-fizetes-bankkartyaval\\\/#primaryimage\"},\"image\":{\"@id\":\"https:\\\/\\\/vorosistvan.hu\\\/vorosistvanwebaruhaz\\\/barion-fizetes-bankkartyaval\\\/#primaryimage\"},\"thumbnailUrl\":\"https:\\\/\\\/vorosistvan.hu\\\/vorosistvanwebaruhaz\\\/wp-content\\\/uploads\\\/2021\\\/07\\\/barion-card-strip-intl_400px-250x26.png\",\"datePublished\":\"2020-11-27T15:33:59+00:00\",\"dateModified\":\"2023-10-02T19:13:57+00:00\",\"breadcrumb\":{\"@id\":\"https:\\\/\\\/vorosistvan.hu\\\/vorosistvanwebaruhaz\\\/barion-fizetes-bankkartyaval\\\/#breadcrumb\"},\"inLanguage\":\"hu\",\"potentialAction\":[{\"@type\":\"ReadAction\",\"target\":[\"https:\\\/\\\/vorosistvan.hu\\\/vorosistvanwebaruhaz\\\/barion-fizetes-bankkartyaval\\\/\"]}]},{\"@type\":\"ImageObject\",\"inLanguage\":\"hu\",\"@id\":\"https:\\\/\\\/vorosistvan.hu\\\/vorosistvanwebaruhaz\\\/barion-fizetes-bankkartyaval\\\/#primaryimage\",\"url\":\"https:\\\/\\\/vorosistvan.hu\\\/vorosistvanwebaruhaz\\\/wp-content\\\/uploads\\\/2021\\\/07\\\/barion-card-strip-intl_400px.png\",\"contentUrl\":\"https:\\\/\\\/vorosistvan.hu\\\/vorosistvanwebaruhaz\\\/wp-content\\\/uploads\\\/2021\\\/07\\\/barion-card-strip-intl_400px.png\",\"width\":400,\"height\":42},{\"@type\":\"BreadcrumbList\",\"@id\":\"https:\\\/\\\/vorosistvan.hu\\\/vorosistvanwebaruhaz\\\/barion-fizetes-bankkartyaval\\\/#breadcrumb\",\"itemListElement\":[{\"@type\":\"ListItem\",\"position\":1,\"name\":\"Kezd\u0151lap\",\"item\":\"https:\\\/\\\/vorosistvan.hu\\\/vorosistvanwebaruhaz\\\/\"},{\"@type\":\"ListItem\",\"position\":2,\"name\":\"BARION \u2013 FIZET\u00c9S BANKK\u00c1RTY\u00c1VAL\"}]},{\"@type\":\"WebSite\",\"@id\":\"https:\\\/\\\/vorosistvan.hu\\\/vorosistvanwebaruhaz\\\/#website\",\"url\":\"https:\\\/\\\/vorosistvan.hu\\\/vorosistvanwebaruhaz\\\/\",\"name\":\"V\u00f6r\u00f6s Istv\u00e1n web\u00e1ruh\u00e1z\",\"description\":\"\",\"potentialAction\":[{\"@type\":\"SearchAction\",\"target\":{\"@type\":\"EntryPoint\",\"urlTemplate\":\"https:\\\/\\\/vorosistvan.hu\\\/vorosistvanwebaruhaz\\\/?s={search_term_string}\"},\"query-input\":{\"@type\":\"PropertyValueSpecification\",\"valueRequired\":true,\"valueName\":\"search_term_string\"}}],\"inLanguage\":\"hu\"}]}<\/script>\n<!-- \/ Yoast SEO plugin. -->","yoast_head_json":{"title":"BARION \u2013 FIZET\u00c9S BANKK\u00c1RTY\u00c1VAL - V\u00f6r\u00f6s Istv\u00e1n web\u00e1ruh\u00e1z","robots":{"index":"index","follow":"follow","max-snippet":"max-snippet:-1","max-image-preview":"max-image-preview:large","max-video-preview":"max-video-preview:-1"},"canonical":"https:\/\/vorosistvan.hu\/vorosistvanwebaruhaz\/barion-fizetes-bankkartyaval\/","og_locale":"hu_HU","og_type":"article","og_title":"BARION \u2013 FIZET\u00c9S BANKK\u00c1RTY\u00c1VAL - V\u00f6r\u00f6s Istv\u00e1n web\u00e1ruh\u00e1z","og_description":"Mit jelent a BARION\u2122? A Barion elektronikus fizet\u00e9seket lebonyol\u00edt\u00f3 szolg\u00e1ltat\u00e1s, amivel k\u00e9nyelmesen \u00e9s biztons\u00e1gosan tudsz bankk\u00e1rty\u00e1val, vagy el\u0151re felt\u00f6lt\u00f6tt egyenleggel fizetni web\u00e1ruh\u00e1zakban, mobilalkalmaz\u00e1sokban, vagy bar\u00e1taidnak. A szolg\u00e1ltat\u00e1st ny\u00fajt\u00f3 Barion Payment Zrt a Magyar Nemzeti Bank fel\u00fcgyelete alatt \u00e1ll\u00f3 int\u00e9zm\u00e9ny, enged\u00e9ly\u00e9nek sz\u00e1ma: H-EN-I-1064\/2013. Fizess k\u00e9nyelmesen bankk\u00e1rty\u00e1val A bankk\u00e1rty\u00e1s fizet\u00e9shez nem k\u00f6telez\u0151 a regisztr\u00e1ci\u00f3, el\u00e9g megadni bankk\u00e1rty\u00e1d&hellip;&nbsp;Read More &raquo;BARION \u2013 FIZET\u00c9S BANKK\u00c1RTY\u00c1VAL","og_url":"https:\/\/vorosistvan.hu\/vorosistvanwebaruhaz\/barion-fizetes-bankkartyaval\/","og_site_name":"V\u00f6r\u00f6s Istv\u00e1n web\u00e1ruh\u00e1z","article_modified_time":"2023-10-02T19:13:57+00:00","og_image":[{"url":"https:\/\/vorosistvan.hu\/vorosistvanwebaruhaz\/wp-content\/uploads\/2021\/07\/barion-card-strip-intl_400px-250x26.png","type":"","width":"","height":""}],"twitter_card":"summary_large_image","twitter_misc":{"Becs\u00fclt olvas\u00e1si id\u0151":"2 perc"},"schema":{"@context":"https:\/\/schema.org","@graph":[{"@type":"WebPage","@id":"https:\/\/vorosistvan.hu\/vorosistvanwebaruhaz\/barion-fizetes-bankkartyaval\/","url":"https:\/\/vorosistvan.hu\/vorosistvanwebaruhaz\/barion-fizetes-bankkartyaval\/","name":"BARION \u2013 FIZET\u00c9S BANKK\u00c1RTY\u00c1VAL - V\u00f6r\u00f6s Istv\u00e1n web\u00e1ruh\u00e1z","isPartOf":{"@id":"https:\/\/vorosistvan.hu\/vorosistvanwebaruhaz\/#website"},"primaryImageOfPage":{"@id":"https:\/\/vorosistvan.hu\/vorosistvanwebaruhaz\/barion-fizetes-bankkartyaval\/#primaryimage"},"image":{"@id":"https:\/\/vorosistvan.hu\/vorosistvanwebaruhaz\/barion-fizetes-bankkartyaval\/#primaryimage"},"thumbnailUrl":"https:\/\/vorosistvan.hu\/vorosistvanwebaruhaz\/wp-content\/uploads\/2021\/07\/barion-card-strip-intl_400px-250x26.png","datePublished":"2020-11-27T15:33:59+00:00","dateModified":"2023-10-02T19:13:57+00:00","breadcrumb":{"@id":"https:\/\/vorosistvan.hu\/vorosistvanwebaruhaz\/barion-fizetes-bankkartyaval\/#breadcrumb"},"inLanguage":"hu","potentialAction":[{"@type":"ReadAction","target":["https:\/\/vorosistvan.hu\/vorosistvanwebaruhaz\/barion-fizetes-bankkartyaval\/"]}]},{"@type":"ImageObject","inLanguage":"hu","@id":"https:\/\/vorosistvan.hu\/vorosistvanwebaruhaz\/barion-fizetes-bankkartyaval\/#primaryimage","url":"https:\/\/vorosistvan.hu\/vorosistvanwebaruhaz\/wp-content\/uploads\/2021\/07\/barion-card-strip-intl_400px.png","contentUrl":"https:\/\/vorosistvan.hu\/vorosistvanwebaruhaz\/wp-content\/uploads\/2021\/07\/barion-card-strip-intl_400px.png","width":400,"height":42},{"@type":"BreadcrumbList","@id":"https:\/\/vorosistvan.hu\/vorosistvanwebaruhaz\/barion-fizetes-bankkartyaval\/#breadcrumb","itemListElement":[{"@type":"ListItem","position":1,"name":"Kezd\u0151lap","item":"https:\/\/vorosistvan.hu\/vorosistvanwebaruhaz\/"},{"@type":"ListItem","position":2,"name":"BARION \u2013 FIZET\u00c9S BANKK\u00c1RTY\u00c1VAL"}]},{"@type":"WebSite","@id":"https:\/\/vorosistvan.hu\/vorosistvanwebaruhaz\/#website","url":"https:\/\/vorosistvan.hu\/vorosistvanwebaruhaz\/","name":"V\u00f6r\u00f6s Istv\u00e1n web\u00e1ruh\u00e1z","description":"","potentialAction":[{"@type":"SearchAction","target":{"@type":"EntryPoint","urlTemplate":"https:\/\/vorosistvan.hu\/vorosistvanwebaruhaz\/?s={search_term_string}"},"query-input":{"@type":"PropertyValueSpecification","valueRequired":true,"valueName":"search_term_string"}}],"inLanguage":"hu"}]}},"_links":{"self":[{"href":"https:\/\/vorosistvan.hu\/vorosistvanwebaruhaz\/wp-json\/wp\/v2\/pages\/2","targetHints":{"allow":["GET"]}}],"collection":[{"href":"https:\/\/vorosistvan.hu\/vorosistvanwebaruhaz\/wp-json\/wp\/v2\/pages"}],"about":[{"href":"https:\/\/vorosistvan.hu\/vorosistvanwebaruhaz\/wp-json\/wp\/v2\/types\/page"}],"author":[{"embeddable":true,"href":"https:\/\/vorosistvan.hu\/vorosistvanwebaruhaz\/wp-json\/wp\/v2\/users\/1"}],"replies":[{"embeddable":true,"href":"https:\/\/vorosistvan.hu\/vorosistvanwebaruhaz\/wp-json\/wp\/v2\/comments?post=2"}],"version-history":[{"count":1,"href":"https:\/\/vorosistvan.hu\/vorosistvanwebaruhaz\/wp-json\/wp\/v2\/pages\/2\/revisions"}],"predecessor-version":[{"id":6478,"href":"https:\/\/vorosistvan.hu\/vorosistvanwebaruhaz\/wp-json\/wp\/v2\/pages\/2\/revisions\/6478"}],"wp:attachment":[{"href":"https:\/\/vorosistvan.hu\/vorosistvanwebaruhaz\/wp-json\/wp\/v2\/media?parent=2"}],"curies":[{"name":"wp","href":"https:\/\/api.w.org\/{rel}","templated":true}]}}