{"id":12100,"date":"2026-03-13T07:56:09","date_gmt":"2026-03-13T07:56:09","guid":{"rendered":"https:\/\/vorosistvan.hu\/vorosistvanwebaruhaz\/?post_type=product&#038;p=12100"},"modified":"2026-04-22T12:23:44","modified_gmt":"2026-04-22T12:23:44","slug":"koncertjegy-prognozis-45-jubileumi-nagykoncert-csabai-rendezvenypajta-bekescsaba-2026-06-20-20-00-ora","status":"publish","type":"product","link":"https:\/\/vorosistvan.hu\/vorosistvanwebaruhaz\/termek\/koncertjegy-prognozis-45-jubileumi-nagykoncert-csabai-rendezvenypajta-bekescsaba-2026-06-20-20-00-ora\/","title":{"rendered":"Koncertjegy: PROGN\u00d3ZIS 45. jubileumi nagykoncert Csabai Rendezv\u00e9nypajta &#8211; B\u00e9k\u00e9scsaba 2026.06.20. 20.00 \u00f3ra"},"content":{"rendered":"<h3 style=\"text-align: center;\"><span style=\"color: #000080; font-size: 24pt;\"><em><span style=\"color: #800000;\"><span style=\"color: #316c88;\">V\u00f6r\u00f6s Istv\u00e1n- Jankai B\u00e9la- Cirmos Kormos\u00a0 G\u00e1bor<\/span><\/span><\/em><\/span><\/h3>\n<p><span style=\"color: #008080;\"><em><span style=\"font-size: 24pt;\">\u00a0 \u00a0 \u00a0 \u00a0 \u00a0 \u00a0 \u00a0 \u00a0 \u00a0 \u00a0 \u00a0 \u00a0 \u00a0 \u00a0 \u00a0 \u00a0 \u00a0\u00e9s a t\u00f6bbiek <\/span><\/em><\/span><\/p>\n<p><span style=\"color: #008080;\"><em><span style=\"font-size: 24pt;\"><span style=\"color: #008080;\">\u00a0 \u00a0 \u00a0 \u00a0 \u00a0 \u00a0 \u00a0 \u00a0 \u00a0 \u00a0 \u00a0 \u00a0 \u00a0 \u00a0 \u00a0 \u00a0 \u00a0bemutatja:\u00a0<\/span><\/span><\/em><\/span><\/p>\n<h3 style=\"text-align: center;\"><span style=\"font-family: arial, helvetica, sans-serif; color: #316987; font-size: 24pt;\"><strong><span style=\"vertical-align: inherit;\"><span style=\"vertical-align: inherit;\"><span style=\"vertical-align: inherit;\"><span style=\"color: #c60606;\">&#8222;\u00c9n az id\u0151t nem sajn\u00e1lom&#8221;\u00a0<\/span><\/span><\/span><\/span><\/strong><\/span><\/h3>\n<h1 style=\"text-align: center;\"><span style=\"font-size: 36pt;\"><span style=\"color: #316c88; font-family: arial, helvetica, sans-serif;\">PROGN\u00d3ZIS 45.<\/span><\/span><\/h1>\n<h1 style=\"text-align: center;\"><span style=\"font-family: arial, helvetica, sans-serif; font-size: 18pt; color: #c60606;\"><strong><span style=\"vertical-align: inherit;\"><span style=\"font-size: 24pt;\"><span style=\"vertical-align: inherit;\"><span style=\"vertical-align: inherit;\">2026. j\u00fanius 20. 20.00 \u00f3ra<\/span><\/span><\/span><\/span><\/strong><\/span><\/h1>\n<h2 style=\"text-align: center;\"><span style=\"color: #993300;\"><span style=\"font-family: arial, helvetica, sans-serif;\"><strong><span style=\"vertical-align: inherit;\"><span style=\"color: #316c88;\"><em><span style=\"font-size: 36pt;\">Csabai Rendezv\u00e9nypajta\u00a0 <span style=\"font-size: 24pt;\">B\u00e9k\u00e9scsaba\u00a0<\/span><\/span><br \/>\n<\/em><\/span><\/span><\/strong><\/span><span style=\"font-family: arial, helvetica, sans-serif; font-size: 18pt; color: #316c88;\"><strong><span style=\"vertical-align: inherit;\">Kapunyit\u00e1s: 19.00 \u00f3ra<\/span><\/strong><\/span><\/span><\/h2>\n<h3 style=\"text-align: center;\"><\/h3>\n<h2 style=\"text-align: center;\"><\/h2>\n<div>\n<div><b>V\u00f6r\u00f6s Istv\u00e1n- Jankai B\u00e9la &#8211; Cirmos Kormos G\u00e1bor \u00e9s a t\u00f6bbiek bemutatja : &#8222;\u00c9n az id\u0151t nem sajn\u00e1lom&#8221; Progn\u00f3zis 45.\u00a0<\/b><\/div>\n<div><b>Koncert a<\/b>\u00a0<b>legend\u00e1s tagokkal!\u00a0<\/b>Progn\u00f3zis\u00a0a &#8217;80-as \u00e9vek ikonikus zenekara \u00fajra egy\u00fctt.\u00a0\u00a0<b>2026-ban a Tele van a v\u00e1ros szerelemmel, Hajsza k\u00f6zben (\u00c9n az id\u0151t nem sajn\u00e1lom), Ajt\u00f3k el\u0151tt, Ny\u00e1ri \u00e9jszak\u00e1k, Ne kezdd \u00fajra k\u00e9rlek \u00e9s a t\u00f6bbi hatalmas sl\u00e1ger<\/b>\u00a0 ism\u00e9t a\u00a0\u00a0Progn\u00f3zis\u00a0el\u0151ad\u00e1s\u00e1ban<\/div>\n<\/div>\n<div><\/div>\n<div><\/div>\n<div><\/div>\n<p>&nbsp;<\/p>\n","protected":false},"excerpt":{"rendered":"<p>V\u00f6r\u00f6s Istv\u00e1n- Jankai B\u00e9la- Cirmos Kormos\u00a0 G\u00e1bor \u00a0 \u00a0 \u00a0 \u00a0 \u00a0 \u00a0 \u00a0 \u00a0 \u00a0 \u00a0 \u00a0 \u00a0 \u00a0 \u00a0 \u00a0 \u00a0 \u00a0\u00e9s a t\u00f6bbiek \u00a0 \u00a0 \u00a0 \u00a0 \u00a0 \u00a0 \u00a0 \u00a0 \u00a0 \u00a0 \u00a0 \u00a0 \u00a0 \u00a0 \u00a0 \u00a0 \u00a0bemutatja:\u00a0 &#8222;\u00c9n az id\u0151t nem sajn\u00e1lom&#8221;\u00a0 PROGN\u00d3ZIS 45. 2026. j\u00fanius 20. 20.00 \u00f3ra&hellip;&nbsp;<a href=\"https:\/\/vorosistvan.hu\/vorosistvanwebaruhaz\/termek\/koncertjegy-prognozis-45-jubileumi-nagykoncert-csabai-rendezvenypajta-bekescsaba-2026-06-20-20-00-ora\/\" rel=\"bookmark\">Read More &raquo;<span class=\"screen-reader-text\">Koncertjegy: PROGN\u00d3ZIS 45. jubileumi nagykoncert Csabai Rendezv\u00e9nypajta &#8211; B\u00e9k\u00e9scsaba 2026.06.20. 20.00 \u00f3ra<\/span><\/a><\/p>\n","protected":false},"author":1,"featured_media":12104,"comment_status":"closed","ping_status":"closed","template":"","meta":{"neve_meta_sidebar":"","neve_meta_container":"","neve_meta_enable_content_width":"off","neve_meta_content_width":70,"neve_meta_title_alignment":"","neve_meta_author_avatar":"","neve_post_elements_order":"","neve_meta_disable_header":"","neve_meta_disable_footer":"","neve_meta_disable_title":""},"product_brand":[],"product_cat":[21],"product_tag":[],"class_list":{"0":"post-12100","1":"product","2":"type-product","3":"status-publish","4":"has-post-thumbnail","6":"product_cat-koncertjegyek","7":"product_shipping_class-koncertjegy","9":"first","10":"instock","11":"shipping-taxable","12":"purchasable","13":"product-type-variable"},"yoast_head":"<!-- This site is optimized with the Yoast SEO plugin v27.4 - https:\/\/yoast.com\/product\/yoast-seo-wordpress\/ -->\n<title>Koncertjegy: PROGN\u00d3ZIS 45. Csabai Rendezv\u00e9nypajta &#039;26.06.20.<\/title>\n<meta name=\"description\" content=\"V\u00f6r\u00f6s Istv\u00e1n- Jankai B\u00e9la - Cirmos Kormos G\u00e1bor bemutatja &quot;\u00c9n az id\u0151t nem sajn\u00e1lom&quot;\u00a0Progn\u00f3zis\u00a045.\u00a0Koncert a\u00a0legend\u00e1s tagokkal!\u00a0Progn\u00f3zis\u00a0a &#039;80-as \u00e9vek ikonikus zenekara \u00fajra egy\u00fctt.\u00a0\u00a02026-ban a Tele van a v\u00e1ros szerelemmel, Hajsza k\u00f6zben (\u00c9n az id\u0151t nem sajn\u00e1lom), Ajt\u00f3k el\u0151tt, Ny\u00e1ri \u00e9jszak\u00e1k, Ne kezdd \u00fajra k\u00e9rlek \u00e9s a t\u00f6bbi hatalmas sl\u00e1ger\u00a0 ism\u00e9t a\u00a0\u00a0Progn\u00f3zis\u00a0el\u0151ad\u00e1s\u00e1ban\u00a0\" \/>\n<meta name=\"robots\" content=\"index, follow, max-snippet:-1, max-image-preview:large, max-video-preview:-1\" \/>\n<link rel=\"canonical\" href=\"https:\/\/vorosistvan.hu\/vorosistvanwebaruhaz\/termek\/koncertjegy-prognozis-45-jubileumi-nagykoncert-csabai-rendezvenypajta-bekescsaba-2026-06-20-20-00-ora\/\" \/>\n<meta property=\"og:locale\" content=\"hu_HU\" \/>\n<meta property=\"og:type\" content=\"article\" \/>\n<meta property=\"og:title\" content=\"Koncertjegy: PROGN\u00d3ZIS 45. Csabai Rendezv\u00e9nypajta &#039;26.06.20.\" \/>\n<meta property=\"og:description\" content=\"V\u00f6r\u00f6s Istv\u00e1n- Jankai B\u00e9la - Cirmos Kormos G\u00e1bor bemutatja &quot;\u00c9n az id\u0151t nem sajn\u00e1lom&quot;\u00a0Progn\u00f3zis\u00a045.\u00a0Koncert a\u00a0legend\u00e1s tagokkal!\u00a0Progn\u00f3zis\u00a0a &#039;80-as \u00e9vek ikonikus zenekara \u00fajra egy\u00fctt.\u00a0\u00a02026-ban a Tele van a v\u00e1ros szerelemmel, Hajsza k\u00f6zben (\u00c9n az id\u0151t nem sajn\u00e1lom), Ajt\u00f3k el\u0151tt, Ny\u00e1ri \u00e9jszak\u00e1k, Ne kezdd \u00fajra k\u00e9rlek \u00e9s a t\u00f6bbi hatalmas sl\u00e1ger\u00a0 ism\u00e9t a\u00a0\u00a0Progn\u00f3zis\u00a0el\u0151ad\u00e1s\u00e1ban\u00a0\" \/>\n<meta property=\"og:url\" content=\"https:\/\/vorosistvan.hu\/vorosistvanwebaruhaz\/termek\/koncertjegy-prognozis-45-jubileumi-nagykoncert-csabai-rendezvenypajta-bekescsaba-2026-06-20-20-00-ora\/\" \/>\n<meta property=\"og:site_name\" content=\"V\u00f6r\u00f6s Istv\u00e1n web\u00e1ruh\u00e1z\" \/>\n<meta property=\"article:modified_time\" content=\"2026-04-22T12:23:44+00:00\" \/>\n<meta property=\"og:image\" content=\"https:\/\/vorosistvan.hu\/vorosistvanwebaruhaz\/wp-content\/uploads\/2026\/03\/Prognozis45_20260620_Bekescsaba_fbevent-scaled.jpg\" \/>\n\t<meta property=\"og:image:width\" content=\"2560\" \/>\n\t<meta property=\"og:image:height\" content=\"1340\" \/>\n\t<meta property=\"og:image:type\" content=\"image\/jpeg\" \/>\n<meta name=\"twitter:card\" content=\"summary_large_image\" \/>\n<meta name=\"twitter:label1\" content=\"Becs\u00fclt olvas\u00e1si id\u0151\" \/>\n\t<meta name=\"twitter:data1\" content=\"1 perc\" \/>\n<script type=\"application\/ld+json\" class=\"yoast-schema-graph\">{\"@context\":\"https:\\\/\\\/schema.org\",\"@graph\":[{\"@type\":\"WebPage\",\"@id\":\"https:\\\/\\\/vorosistvan.hu\\\/vorosistvanwebaruhaz\\\/termek\\\/koncertjegy-prognozis-45-jubileumi-nagykoncert-csabai-rendezvenypajta-bekescsaba-2026-06-20-20-00-ora\\\/\",\"url\":\"https:\\\/\\\/vorosistvan.hu\\\/vorosistvanwebaruhaz\\\/termek\\\/koncertjegy-prognozis-45-jubileumi-nagykoncert-csabai-rendezvenypajta-bekescsaba-2026-06-20-20-00-ora\\\/\",\"name\":\"Koncertjegy: PROGN\u00d3ZIS 45. Csabai Rendezv\u00e9nypajta '26.06.20.\",\"isPartOf\":{\"@id\":\"https:\\\/\\\/vorosistvan.hu\\\/vorosistvanwebaruhaz\\\/#website\"},\"primaryImageOfPage\":{\"@id\":\"https:\\\/\\\/vorosistvan.hu\\\/vorosistvanwebaruhaz\\\/termek\\\/koncertjegy-prognozis-45-jubileumi-nagykoncert-csabai-rendezvenypajta-bekescsaba-2026-06-20-20-00-ora\\\/#primaryimage\"},\"image\":{\"@id\":\"https:\\\/\\\/vorosistvan.hu\\\/vorosistvanwebaruhaz\\\/termek\\\/koncertjegy-prognozis-45-jubileumi-nagykoncert-csabai-rendezvenypajta-bekescsaba-2026-06-20-20-00-ora\\\/#primaryimage\"},\"thumbnailUrl\":\"https:\\\/\\\/vorosistvan.hu\\\/vorosistvanwebaruhaz\\\/wp-content\\\/uploads\\\/2026\\\/03\\\/Prognozis45_20260620_Bekescsaba_fbevent-scaled.jpg\",\"datePublished\":\"2026-03-13T07:56:09+00:00\",\"dateModified\":\"2026-04-22T12:23:44+00:00\",\"description\":\"V\u00f6r\u00f6s Istv\u00e1n- Jankai B\u00e9la - Cirmos Kormos G\u00e1bor bemutatja \\\"\u00c9n az id\u0151t nem sajn\u00e1lom\\\"\u00a0Progn\u00f3zis\u00a045.\u00a0Koncert a\u00a0legend\u00e1s tagokkal!\u00a0Progn\u00f3zis\u00a0a '80-as \u00e9vek ikonikus zenekara \u00fajra egy\u00fctt.\u00a0\u00a02026-ban a Tele van a v\u00e1ros szerelemmel, Hajsza k\u00f6zben (\u00c9n az id\u0151t nem sajn\u00e1lom), Ajt\u00f3k el\u0151tt, Ny\u00e1ri \u00e9jszak\u00e1k, Ne kezdd \u00fajra k\u00e9rlek \u00e9s a t\u00f6bbi hatalmas sl\u00e1ger\u00a0 ism\u00e9t a\u00a0\u00a0Progn\u00f3zis\u00a0el\u0151ad\u00e1s\u00e1ban\u00a0\",\"breadcrumb\":{\"@id\":\"https:\\\/\\\/vorosistvan.hu\\\/vorosistvanwebaruhaz\\\/termek\\\/koncertjegy-prognozis-45-jubileumi-nagykoncert-csabai-rendezvenypajta-bekescsaba-2026-06-20-20-00-ora\\\/#breadcrumb\"},\"inLanguage\":\"hu\",\"potentialAction\":[{\"@type\":\"ReadAction\",\"target\":[\"https:\\\/\\\/vorosistvan.hu\\\/vorosistvanwebaruhaz\\\/termek\\\/koncertjegy-prognozis-45-jubileumi-nagykoncert-csabai-rendezvenypajta-bekescsaba-2026-06-20-20-00-ora\\\/\"]}]},{\"@type\":\"ImageObject\",\"inLanguage\":\"hu\",\"@id\":\"https:\\\/\\\/vorosistvan.hu\\\/vorosistvanwebaruhaz\\\/termek\\\/koncertjegy-prognozis-45-jubileumi-nagykoncert-csabai-rendezvenypajta-bekescsaba-2026-06-20-20-00-ora\\\/#primaryimage\",\"url\":\"https:\\\/\\\/vorosistvan.hu\\\/vorosistvanwebaruhaz\\\/wp-content\\\/uploads\\\/2026\\\/03\\\/Prognozis45_20260620_Bekescsaba_fbevent-scaled.jpg\",\"contentUrl\":\"https:\\\/\\\/vorosistvan.hu\\\/vorosistvanwebaruhaz\\\/wp-content\\\/uploads\\\/2026\\\/03\\\/Prognozis45_20260620_Bekescsaba_fbevent-scaled.jpg\",\"width\":2560,\"height\":1340},{\"@type\":\"BreadcrumbList\",\"@id\":\"https:\\\/\\\/vorosistvan.hu\\\/vorosistvanwebaruhaz\\\/termek\\\/koncertjegy-prognozis-45-jubileumi-nagykoncert-csabai-rendezvenypajta-bekescsaba-2026-06-20-20-00-ora\\\/#breadcrumb\",\"itemListElement\":[{\"@type\":\"ListItem\",\"position\":1,\"name\":\"Kezd\u0151lap\",\"item\":\"https:\\\/\\\/vorosistvan.hu\\\/vorosistvanwebaruhaz\\\/\"},{\"@type\":\"ListItem\",\"position\":2,\"name\":\"TERM\u00c9KEK\",\"item\":\"https:\\\/\\\/vorosistvan.hu\\\/vorosistvanwebaruhaz\\\/termekek\\\/\"},{\"@type\":\"ListItem\",\"position\":3,\"name\":\"Koncertjegy: PROGN\u00d3ZIS 45. jubileumi nagykoncert Csabai Rendezv\u00e9nypajta &#8211; B\u00e9k\u00e9scsaba 2026.06.20. 20.00 \u00f3ra\"}]},{\"@type\":\"WebSite\",\"@id\":\"https:\\\/\\\/vorosistvan.hu\\\/vorosistvanwebaruhaz\\\/#website\",\"url\":\"https:\\\/\\\/vorosistvan.hu\\\/vorosistvanwebaruhaz\\\/\",\"name\":\"V\u00f6r\u00f6s Istv\u00e1n web\u00e1ruh\u00e1z\",\"description\":\"\",\"potentialAction\":[{\"@type\":\"SearchAction\",\"target\":{\"@type\":\"EntryPoint\",\"urlTemplate\":\"https:\\\/\\\/vorosistvan.hu\\\/vorosistvanwebaruhaz\\\/?s={search_term_string}\"},\"query-input\":{\"@type\":\"PropertyValueSpecification\",\"valueRequired\":true,\"valueName\":\"search_term_string\"}}],\"inLanguage\":\"hu\"}]}<\/script>\n<!-- \/ Yoast SEO plugin. -->","yoast_head_json":{"title":"Koncertjegy: PROGN\u00d3ZIS 45. Csabai Rendezv\u00e9nypajta '26.06.20.","description":"V\u00f6r\u00f6s Istv\u00e1n- Jankai B\u00e9la - Cirmos Kormos G\u00e1bor bemutatja \"\u00c9n az id\u0151t nem sajn\u00e1lom\"\u00a0Progn\u00f3zis\u00a045.\u00a0Koncert a\u00a0legend\u00e1s tagokkal!\u00a0Progn\u00f3zis\u00a0a '80-as \u00e9vek ikonikus zenekara \u00fajra egy\u00fctt.\u00a0\u00a02026-ban a Tele van a v\u00e1ros szerelemmel, Hajsza k\u00f6zben (\u00c9n az id\u0151t nem sajn\u00e1lom), Ajt\u00f3k el\u0151tt, Ny\u00e1ri \u00e9jszak\u00e1k, Ne kezdd \u00fajra k\u00e9rlek \u00e9s a t\u00f6bbi hatalmas sl\u00e1ger\u00a0 ism\u00e9t a\u00a0\u00a0Progn\u00f3zis\u00a0el\u0151ad\u00e1s\u00e1ban\u00a0","robots":{"index":"index","follow":"follow","max-snippet":"max-snippet:-1","max-image-preview":"max-image-preview:large","max-video-preview":"max-video-preview:-1"},"canonical":"https:\/\/vorosistvan.hu\/vorosistvanwebaruhaz\/termek\/koncertjegy-prognozis-45-jubileumi-nagykoncert-csabai-rendezvenypajta-bekescsaba-2026-06-20-20-00-ora\/","og_locale":"hu_HU","og_type":"article","og_title":"Koncertjegy: PROGN\u00d3ZIS 45. Csabai Rendezv\u00e9nypajta '26.06.20.","og_description":"V\u00f6r\u00f6s Istv\u00e1n- Jankai B\u00e9la - Cirmos Kormos G\u00e1bor bemutatja \"\u00c9n az id\u0151t nem sajn\u00e1lom\"\u00a0Progn\u00f3zis\u00a045.\u00a0Koncert a\u00a0legend\u00e1s tagokkal!\u00a0Progn\u00f3zis\u00a0a '80-as \u00e9vek ikonikus zenekara \u00fajra egy\u00fctt.\u00a0\u00a02026-ban a Tele van a v\u00e1ros szerelemmel, Hajsza k\u00f6zben (\u00c9n az id\u0151t nem sajn\u00e1lom), Ajt\u00f3k el\u0151tt, Ny\u00e1ri \u00e9jszak\u00e1k, Ne kezdd \u00fajra k\u00e9rlek \u00e9s a t\u00f6bbi hatalmas sl\u00e1ger\u00a0 ism\u00e9t a\u00a0\u00a0Progn\u00f3zis\u00a0el\u0151ad\u00e1s\u00e1ban\u00a0","og_url":"https:\/\/vorosistvan.hu\/vorosistvanwebaruhaz\/termek\/koncertjegy-prognozis-45-jubileumi-nagykoncert-csabai-rendezvenypajta-bekescsaba-2026-06-20-20-00-ora\/","og_site_name":"V\u00f6r\u00f6s Istv\u00e1n web\u00e1ruh\u00e1z","article_modified_time":"2026-04-22T12:23:44+00:00","og_image":[{"width":2560,"height":1340,"url":"https:\/\/vorosistvan.hu\/vorosistvanwebaruhaz\/wp-content\/uploads\/2026\/03\/Prognozis45_20260620_Bekescsaba_fbevent-scaled.jpg","type":"image\/jpeg"}],"twitter_card":"summary_large_image","twitter_misc":{"Becs\u00fclt olvas\u00e1si id\u0151":"1 perc"},"schema":{"@context":"https:\/\/schema.org","@graph":[{"@type":"WebPage","@id":"https:\/\/vorosistvan.hu\/vorosistvanwebaruhaz\/termek\/koncertjegy-prognozis-45-jubileumi-nagykoncert-csabai-rendezvenypajta-bekescsaba-2026-06-20-20-00-ora\/","url":"https:\/\/vorosistvan.hu\/vorosistvanwebaruhaz\/termek\/koncertjegy-prognozis-45-jubileumi-nagykoncert-csabai-rendezvenypajta-bekescsaba-2026-06-20-20-00-ora\/","name":"Koncertjegy: PROGN\u00d3ZIS 45. Csabai Rendezv\u00e9nypajta '26.06.20.","isPartOf":{"@id":"https:\/\/vorosistvan.hu\/vorosistvanwebaruhaz\/#website"},"primaryImageOfPage":{"@id":"https:\/\/vorosistvan.hu\/vorosistvanwebaruhaz\/termek\/koncertjegy-prognozis-45-jubileumi-nagykoncert-csabai-rendezvenypajta-bekescsaba-2026-06-20-20-00-ora\/#primaryimage"},"image":{"@id":"https:\/\/vorosistvan.hu\/vorosistvanwebaruhaz\/termek\/koncertjegy-prognozis-45-jubileumi-nagykoncert-csabai-rendezvenypajta-bekescsaba-2026-06-20-20-00-ora\/#primaryimage"},"thumbnailUrl":"https:\/\/vorosistvan.hu\/vorosistvanwebaruhaz\/wp-content\/uploads\/2026\/03\/Prognozis45_20260620_Bekescsaba_fbevent-scaled.jpg","datePublished":"2026-03-13T07:56:09+00:00","dateModified":"2026-04-22T12:23:44+00:00","description":"V\u00f6r\u00f6s Istv\u00e1n- Jankai B\u00e9la - Cirmos Kormos G\u00e1bor bemutatja \"\u00c9n az id\u0151t nem sajn\u00e1lom\"\u00a0Progn\u00f3zis\u00a045.\u00a0Koncert a\u00a0legend\u00e1s tagokkal!\u00a0Progn\u00f3zis\u00a0a '80-as \u00e9vek ikonikus zenekara \u00fajra egy\u00fctt.\u00a0\u00a02026-ban a Tele van a v\u00e1ros szerelemmel, Hajsza k\u00f6zben (\u00c9n az id\u0151t nem sajn\u00e1lom), Ajt\u00f3k el\u0151tt, Ny\u00e1ri \u00e9jszak\u00e1k, Ne kezdd \u00fajra k\u00e9rlek \u00e9s a t\u00f6bbi hatalmas sl\u00e1ger\u00a0 ism\u00e9t a\u00a0\u00a0Progn\u00f3zis\u00a0el\u0151ad\u00e1s\u00e1ban\u00a0","breadcrumb":{"@id":"https:\/\/vorosistvan.hu\/vorosistvanwebaruhaz\/termek\/koncertjegy-prognozis-45-jubileumi-nagykoncert-csabai-rendezvenypajta-bekescsaba-2026-06-20-20-00-ora\/#breadcrumb"},"inLanguage":"hu","potentialAction":[{"@type":"ReadAction","target":["https:\/\/vorosistvan.hu\/vorosistvanwebaruhaz\/termek\/koncertjegy-prognozis-45-jubileumi-nagykoncert-csabai-rendezvenypajta-bekescsaba-2026-06-20-20-00-ora\/"]}]},{"@type":"ImageObject","inLanguage":"hu","@id":"https:\/\/vorosistvan.hu\/vorosistvanwebaruhaz\/termek\/koncertjegy-prognozis-45-jubileumi-nagykoncert-csabai-rendezvenypajta-bekescsaba-2026-06-20-20-00-ora\/#primaryimage","url":"https:\/\/vorosistvan.hu\/vorosistvanwebaruhaz\/wp-content\/uploads\/2026\/03\/Prognozis45_20260620_Bekescsaba_fbevent-scaled.jpg","contentUrl":"https:\/\/vorosistvan.hu\/vorosistvanwebaruhaz\/wp-content\/uploads\/2026\/03\/Prognozis45_20260620_Bekescsaba_fbevent-scaled.jpg","width":2560,"height":1340},{"@type":"BreadcrumbList","@id":"https:\/\/vorosistvan.hu\/vorosistvanwebaruhaz\/termek\/koncertjegy-prognozis-45-jubileumi-nagykoncert-csabai-rendezvenypajta-bekescsaba-2026-06-20-20-00-ora\/#breadcrumb","itemListElement":[{"@type":"ListItem","position":1,"name":"Kezd\u0151lap","item":"https:\/\/vorosistvan.hu\/vorosistvanwebaruhaz\/"},{"@type":"ListItem","position":2,"name":"TERM\u00c9KEK","item":"https:\/\/vorosistvan.hu\/vorosistvanwebaruhaz\/termekek\/"},{"@type":"ListItem","position":3,"name":"Koncertjegy: PROGN\u00d3ZIS 45. jubileumi nagykoncert Csabai Rendezv\u00e9nypajta &#8211; B\u00e9k\u00e9scsaba 2026.06.20. 20.00 \u00f3ra"}]},{"@type":"WebSite","@id":"https:\/\/vorosistvan.hu\/vorosistvanwebaruhaz\/#website","url":"https:\/\/vorosistvan.hu\/vorosistvanwebaruhaz\/","name":"V\u00f6r\u00f6s Istv\u00e1n web\u00e1ruh\u00e1z","description":"","potentialAction":[{"@type":"SearchAction","target":{"@type":"EntryPoint","urlTemplate":"https:\/\/vorosistvan.hu\/vorosistvanwebaruhaz\/?s={search_term_string}"},"query-input":{"@type":"PropertyValueSpecification","valueRequired":true,"valueName":"search_term_string"}}],"inLanguage":"hu"}]}},"_links":{"self":[{"href":"https:\/\/vorosistvan.hu\/vorosistvanwebaruhaz\/wp-json\/wp\/v2\/product\/12100","targetHints":{"allow":["GET"]}}],"collection":[{"href":"https:\/\/vorosistvan.hu\/vorosistvanwebaruhaz\/wp-json\/wp\/v2\/product"}],"about":[{"href":"https:\/\/vorosistvan.hu\/vorosistvanwebaruhaz\/wp-json\/wp\/v2\/types\/product"}],"author":[{"embeddable":true,"href":"https:\/\/vorosistvan.hu\/vorosistvanwebaruhaz\/wp-json\/wp\/v2\/users\/1"}],"replies":[{"embeddable":true,"href":"https:\/\/vorosistvan.hu\/vorosistvanwebaruhaz\/wp-json\/wp\/v2\/comments?post=12100"}],"wp:featuredmedia":[{"embeddable":true,"href":"https:\/\/vorosistvan.hu\/vorosistvanwebaruhaz\/wp-json\/wp\/v2\/media\/12104"}],"wp:attachment":[{"href":"https:\/\/vorosistvan.hu\/vorosistvanwebaruhaz\/wp-json\/wp\/v2\/media?parent=12100"}],"wp:term":[{"taxonomy":"product_brand","embeddable":true,"href":"https:\/\/vorosistvan.hu\/vorosistvanwebaruhaz\/wp-json\/wp\/v2\/product_brand?post=12100"},{"taxonomy":"product_cat","embeddable":true,"href":"https:\/\/vorosistvan.hu\/vorosistvanwebaruhaz\/wp-json\/wp\/v2\/product_cat?post=12100"},{"taxonomy":"product_tag","embeddable":true,"href":"https:\/\/vorosistvan.hu\/vorosistvanwebaruhaz\/wp-json\/wp\/v2\/product_tag?post=12100"}],"curies":[{"name":"wp","href":"https:\/\/api.w.org\/{rel}","templated":true}]}}