{"id":2356,"date":"2021-10-07T19:47:56","date_gmt":"2021-10-07T19:47:56","guid":{"rendered":"https:\/\/vorosistvan.hu\/vorosistvanwebaruhaz\/?post_type=product&#038;p=2356"},"modified":"2023-11-02T20:26:29","modified_gmt":"2023-11-02T20:26:29","slug":"cd-mindenkinek-jo-lesz-elorendeles","status":"publish","type":"product","link":"https:\/\/vorosistvan.hu\/vorosistvanwebaruhaz\/termek\/cd-mindenkinek-jo-lesz-elorendeles\/","title":{"rendered":"CD Mindenkinek j\u00f3 lesz"},"content":{"rendered":"<p><span style=\"font-size: 18pt;\"><strong>\u00a0 \u00a0 \u00a0 \u00a0 \u00a0 \u00a0 \u00a0 \u00a0 \u00a0 \u00a0 \u00a0 \u00a0 \u00a0 \u00a0 \u00a0 \u00a0 \u00a0 \u00a0 \u00a0 \u00a0 \u00a0 \u00a0 \u00a0 \u00a0 \u00a0 \u00a0 \u00a0MINDENKINEK J\u00d3 LESZ<\/strong><\/span><\/p>\n<p>Kiad\u00f3: V\u00f6r\u00f6s Istv\u00e1n Produkci\u00f3<\/p>\n<p>14 \u00faj dalt tartalmaz\u00f3 CD<\/p>\n<ol>\n<li><strong>Mindenkinek j\u00f3 lesz<\/strong><\/li>\n<li><strong>Minden nap vas\u00e1rnap<\/strong><\/li>\n<li><b>Sz\u00e9p id\u0151nk lesz<\/b><\/li>\n<li><b><span style=\"vertical-align: inherit;\"><span style=\"vertical-align: inherit;\">Planemo<\/span><\/span><\/b><\/li>\n<li><strong>Neg\u00e9des \u00e9des<\/strong><\/li>\n<li><strong>Dolgozzunk egy\u00fctt<\/strong><\/li>\n<li><strong>Baj lesz! Csak nem?<\/strong><\/li>\n<li><b>N\u0151i t\u00e1ska &#8211; fogalom<\/b><\/li>\n<li><strong>\u00d6sszevissza-dal<\/strong><\/li>\n<li><b>A h\u00edn\u00e1r (H\u00edrek a nagyvil\u00e1gb\u00f3l)<\/b><\/li>\n<li><b>Ellensz\u00e9lben<\/b><\/li>\n<li><strong>Febru\u00e1rban ki hitte volna<\/strong><\/li>\n<li><b>Farmotoros<\/b><\/li>\n<li><strong>Vesztes\u00e9g 1920<\/strong><\/li>\n<\/ol>\n<p><strong>\u00a0<\/strong><\/p>\n","protected":false},"excerpt":{"rendered":"<p>\u00a0 \u00a0 \u00a0 \u00a0 \u00a0 \u00a0 \u00a0 \u00a0 \u00a0 \u00a0 \u00a0 \u00a0 \u00a0 \u00a0 \u00a0 \u00a0 \u00a0 \u00a0 \u00a0 \u00a0 \u00a0 \u00a0 \u00a0 \u00a0 \u00a0 \u00a0 \u00a0MINDENKINEK J\u00d3 LESZ Kiad\u00f3: V\u00f6r\u00f6s Istv\u00e1n Produkci\u00f3 14 \u00faj dalt tartalmaz\u00f3 CD Mindenkinek j\u00f3 lesz Minden nap vas\u00e1rnap Sz\u00e9p id\u0151nk lesz Planemo Neg\u00e9des \u00e9des Dolgozzunk egy\u00fctt Baj lesz! Csak&hellip;&nbsp;<a href=\"https:\/\/vorosistvan.hu\/vorosistvanwebaruhaz\/termek\/cd-mindenkinek-jo-lesz-elorendeles\/\" rel=\"bookmark\">Read More &raquo;<span class=\"screen-reader-text\">CD Mindenkinek j\u00f3 lesz<\/span><\/a><\/p>\n","protected":false},"author":1,"featured_media":2358,"comment_status":"closed","ping_status":"closed","template":"","meta":{"neve_meta_sidebar":"","neve_meta_container":"","neve_meta_enable_content_width":"on","neve_meta_content_width":70,"neve_meta_title_alignment":"","neve_meta_author_avatar":"","neve_post_elements_order":"","neve_meta_disable_header":"","neve_meta_disable_footer":"","neve_meta_disable_title":""},"product_brand":[],"product_cat":[22],"product_tag":[],"class_list":{"0":"post-2356","1":"product","2":"type-product","3":"status-publish","4":"has-post-thumbnail","6":"product_cat-cd-lemezek","7":"product_shipping_class-cd","9":"first","10":"instock","11":"shipping-taxable","12":"purchasable","13":"product-type-simple"},"yoast_head":"<!-- This site is optimized with the Yoast SEO plugin v27.4 - https:\/\/yoast.com\/product\/yoast-seo-wordpress\/ -->\n<title>CD Mindenkinek j\u00f3 lesz<\/title>\n<meta name=\"description\" content=\"CD Mindenkinek j\u00f3 lesz 14 \u00faj dalt tartalmaz\u00f3 CD Az album sikerdalai t\u00f6bbek k\u00f6z\u00f6tt a Mindenkinek j\u00f3 lesz , a N\u0151i t\u00e1ska -fogalom\" \/>\n<meta name=\"robots\" content=\"index, follow, max-snippet:-1, max-image-preview:large, max-video-preview:-1\" \/>\n<link rel=\"canonical\" href=\"https:\/\/vorosistvan.hu\/vorosistvanwebaruhaz\/termek\/cd-mindenkinek-jo-lesz-elorendeles\/\" \/>\n<meta property=\"og:locale\" content=\"hu_HU\" \/>\n<meta property=\"og:type\" content=\"article\" \/>\n<meta property=\"og:title\" content=\"CD Mindenkinek j\u00f3 lesz\" \/>\n<meta property=\"og:description\" content=\"CD Mindenkinek j\u00f3 lesz 14 \u00faj dalt tartalmaz\u00f3 CD Az album sikerdalai t\u00f6bbek k\u00f6z\u00f6tt a Mindenkinek j\u00f3 lesz , a N\u0151i t\u00e1ska -fogalom\" \/>\n<meta property=\"og:url\" content=\"https:\/\/vorosistvan.hu\/vorosistvanwebaruhaz\/termek\/cd-mindenkinek-jo-lesz-elorendeles\/\" \/>\n<meta property=\"og:site_name\" content=\"V\u00f6r\u00f6s Istv\u00e1n web\u00e1ruh\u00e1z\" \/>\n<meta property=\"article:modified_time\" content=\"2023-11-02T20:26:29+00:00\" \/>\n<meta property=\"og:image\" content=\"https:\/\/vorosistvan.hu\/vorosistvanwebaruhaz\/wp-content\/uploads\/2021\/10\/Mindenkinek-CD-webaruhaz-1-scaled.jpg\" \/>\n\t<meta property=\"og:image:width\" content=\"2560\" \/>\n\t<meta property=\"og:image:height\" content=\"1858\" \/>\n\t<meta property=\"og:image:type\" content=\"image\/jpeg\" \/>\n<meta name=\"twitter:card\" content=\"summary_large_image\" \/>\n<meta name=\"twitter:label1\" content=\"Becs\u00fclt olvas\u00e1si id\u0151\" \/>\n\t<meta name=\"twitter:data1\" content=\"1 perc\" \/>\n<script type=\"application\/ld+json\" class=\"yoast-schema-graph\">{\"@context\":\"https:\\\/\\\/schema.org\",\"@graph\":[{\"@type\":\"WebPage\",\"@id\":\"https:\\\/\\\/vorosistvan.hu\\\/vorosistvanwebaruhaz\\\/termek\\\/cd-mindenkinek-jo-lesz-elorendeles\\\/\",\"url\":\"https:\\\/\\\/vorosistvan.hu\\\/vorosistvanwebaruhaz\\\/termek\\\/cd-mindenkinek-jo-lesz-elorendeles\\\/\",\"name\":\"CD Mindenkinek j\u00f3 lesz\",\"isPartOf\":{\"@id\":\"https:\\\/\\\/vorosistvan.hu\\\/vorosistvanwebaruhaz\\\/#website\"},\"primaryImageOfPage\":{\"@id\":\"https:\\\/\\\/vorosistvan.hu\\\/vorosistvanwebaruhaz\\\/termek\\\/cd-mindenkinek-jo-lesz-elorendeles\\\/#primaryimage\"},\"image\":{\"@id\":\"https:\\\/\\\/vorosistvan.hu\\\/vorosistvanwebaruhaz\\\/termek\\\/cd-mindenkinek-jo-lesz-elorendeles\\\/#primaryimage\"},\"thumbnailUrl\":\"https:\\\/\\\/vorosistvan.hu\\\/vorosistvanwebaruhaz\\\/wp-content\\\/uploads\\\/2021\\\/10\\\/Mindenkinek-CD-webaruhaz-1-scaled.jpg\",\"datePublished\":\"2021-10-07T19:47:56+00:00\",\"dateModified\":\"2023-11-02T20:26:29+00:00\",\"description\":\"CD Mindenkinek j\u00f3 lesz 14 \u00faj dalt tartalmaz\u00f3 CD Az album sikerdalai t\u00f6bbek k\u00f6z\u00f6tt a Mindenkinek j\u00f3 lesz , a N\u0151i t\u00e1ska -fogalom\",\"breadcrumb\":{\"@id\":\"https:\\\/\\\/vorosistvan.hu\\\/vorosistvanwebaruhaz\\\/termek\\\/cd-mindenkinek-jo-lesz-elorendeles\\\/#breadcrumb\"},\"inLanguage\":\"hu\",\"potentialAction\":[{\"@type\":\"ReadAction\",\"target\":[\"https:\\\/\\\/vorosistvan.hu\\\/vorosistvanwebaruhaz\\\/termek\\\/cd-mindenkinek-jo-lesz-elorendeles\\\/\"]}]},{\"@type\":\"ImageObject\",\"inLanguage\":\"hu\",\"@id\":\"https:\\\/\\\/vorosistvan.hu\\\/vorosistvanwebaruhaz\\\/termek\\\/cd-mindenkinek-jo-lesz-elorendeles\\\/#primaryimage\",\"url\":\"https:\\\/\\\/vorosistvan.hu\\\/vorosistvanwebaruhaz\\\/wp-content\\\/uploads\\\/2021\\\/10\\\/Mindenkinek-CD-webaruhaz-1-scaled.jpg\",\"contentUrl\":\"https:\\\/\\\/vorosistvan.hu\\\/vorosistvanwebaruhaz\\\/wp-content\\\/uploads\\\/2021\\\/10\\\/Mindenkinek-CD-webaruhaz-1-scaled.jpg\",\"width\":2560,\"height\":1858},{\"@type\":\"BreadcrumbList\",\"@id\":\"https:\\\/\\\/vorosistvan.hu\\\/vorosistvanwebaruhaz\\\/termek\\\/cd-mindenkinek-jo-lesz-elorendeles\\\/#breadcrumb\",\"itemListElement\":[{\"@type\":\"ListItem\",\"position\":1,\"name\":\"Kezd\u0151lap\",\"item\":\"https:\\\/\\\/vorosistvan.hu\\\/vorosistvanwebaruhaz\\\/\"},{\"@type\":\"ListItem\",\"position\":2,\"name\":\"TERM\u00c9KEK\",\"item\":\"https:\\\/\\\/vorosistvan.hu\\\/vorosistvanwebaruhaz\\\/termekek\\\/\"},{\"@type\":\"ListItem\",\"position\":3,\"name\":\"CD Mindenkinek j\u00f3 lesz\"}]},{\"@type\":\"WebSite\",\"@id\":\"https:\\\/\\\/vorosistvan.hu\\\/vorosistvanwebaruhaz\\\/#website\",\"url\":\"https:\\\/\\\/vorosistvan.hu\\\/vorosistvanwebaruhaz\\\/\",\"name\":\"V\u00f6r\u00f6s Istv\u00e1n web\u00e1ruh\u00e1z\",\"description\":\"\",\"potentialAction\":[{\"@type\":\"SearchAction\",\"target\":{\"@type\":\"EntryPoint\",\"urlTemplate\":\"https:\\\/\\\/vorosistvan.hu\\\/vorosistvanwebaruhaz\\\/?s={search_term_string}\"},\"query-input\":{\"@type\":\"PropertyValueSpecification\",\"valueRequired\":true,\"valueName\":\"search_term_string\"}}],\"inLanguage\":\"hu\"}]}<\/script>\n<!-- \/ Yoast SEO plugin. -->","yoast_head_json":{"title":"CD Mindenkinek j\u00f3 lesz","description":"CD Mindenkinek j\u00f3 lesz 14 \u00faj dalt tartalmaz\u00f3 CD Az album sikerdalai t\u00f6bbek k\u00f6z\u00f6tt a Mindenkinek j\u00f3 lesz , a N\u0151i t\u00e1ska -fogalom","robots":{"index":"index","follow":"follow","max-snippet":"max-snippet:-1","max-image-preview":"max-image-preview:large","max-video-preview":"max-video-preview:-1"},"canonical":"https:\/\/vorosistvan.hu\/vorosistvanwebaruhaz\/termek\/cd-mindenkinek-jo-lesz-elorendeles\/","og_locale":"hu_HU","og_type":"article","og_title":"CD Mindenkinek j\u00f3 lesz","og_description":"CD Mindenkinek j\u00f3 lesz 14 \u00faj dalt tartalmaz\u00f3 CD Az album sikerdalai t\u00f6bbek k\u00f6z\u00f6tt a Mindenkinek j\u00f3 lesz , a N\u0151i t\u00e1ska -fogalom","og_url":"https:\/\/vorosistvan.hu\/vorosistvanwebaruhaz\/termek\/cd-mindenkinek-jo-lesz-elorendeles\/","og_site_name":"V\u00f6r\u00f6s Istv\u00e1n web\u00e1ruh\u00e1z","article_modified_time":"2023-11-02T20:26:29+00:00","og_image":[{"width":2560,"height":1858,"url":"https:\/\/vorosistvan.hu\/vorosistvanwebaruhaz\/wp-content\/uploads\/2021\/10\/Mindenkinek-CD-webaruhaz-1-scaled.jpg","type":"image\/jpeg"}],"twitter_card":"summary_large_image","twitter_misc":{"Becs\u00fclt olvas\u00e1si id\u0151":"1 perc"},"schema":{"@context":"https:\/\/schema.org","@graph":[{"@type":"WebPage","@id":"https:\/\/vorosistvan.hu\/vorosistvanwebaruhaz\/termek\/cd-mindenkinek-jo-lesz-elorendeles\/","url":"https:\/\/vorosistvan.hu\/vorosistvanwebaruhaz\/termek\/cd-mindenkinek-jo-lesz-elorendeles\/","name":"CD Mindenkinek j\u00f3 lesz","isPartOf":{"@id":"https:\/\/vorosistvan.hu\/vorosistvanwebaruhaz\/#website"},"primaryImageOfPage":{"@id":"https:\/\/vorosistvan.hu\/vorosistvanwebaruhaz\/termek\/cd-mindenkinek-jo-lesz-elorendeles\/#primaryimage"},"image":{"@id":"https:\/\/vorosistvan.hu\/vorosistvanwebaruhaz\/termek\/cd-mindenkinek-jo-lesz-elorendeles\/#primaryimage"},"thumbnailUrl":"https:\/\/vorosistvan.hu\/vorosistvanwebaruhaz\/wp-content\/uploads\/2021\/10\/Mindenkinek-CD-webaruhaz-1-scaled.jpg","datePublished":"2021-10-07T19:47:56+00:00","dateModified":"2023-11-02T20:26:29+00:00","description":"CD Mindenkinek j\u00f3 lesz 14 \u00faj dalt tartalmaz\u00f3 CD Az album sikerdalai t\u00f6bbek k\u00f6z\u00f6tt a Mindenkinek j\u00f3 lesz , a N\u0151i t\u00e1ska -fogalom","breadcrumb":{"@id":"https:\/\/vorosistvan.hu\/vorosistvanwebaruhaz\/termek\/cd-mindenkinek-jo-lesz-elorendeles\/#breadcrumb"},"inLanguage":"hu","potentialAction":[{"@type":"ReadAction","target":["https:\/\/vorosistvan.hu\/vorosistvanwebaruhaz\/termek\/cd-mindenkinek-jo-lesz-elorendeles\/"]}]},{"@type":"ImageObject","inLanguage":"hu","@id":"https:\/\/vorosistvan.hu\/vorosistvanwebaruhaz\/termek\/cd-mindenkinek-jo-lesz-elorendeles\/#primaryimage","url":"https:\/\/vorosistvan.hu\/vorosistvanwebaruhaz\/wp-content\/uploads\/2021\/10\/Mindenkinek-CD-webaruhaz-1-scaled.jpg","contentUrl":"https:\/\/vorosistvan.hu\/vorosistvanwebaruhaz\/wp-content\/uploads\/2021\/10\/Mindenkinek-CD-webaruhaz-1-scaled.jpg","width":2560,"height":1858},{"@type":"BreadcrumbList","@id":"https:\/\/vorosistvan.hu\/vorosistvanwebaruhaz\/termek\/cd-mindenkinek-jo-lesz-elorendeles\/#breadcrumb","itemListElement":[{"@type":"ListItem","position":1,"name":"Kezd\u0151lap","item":"https:\/\/vorosistvan.hu\/vorosistvanwebaruhaz\/"},{"@type":"ListItem","position":2,"name":"TERM\u00c9KEK","item":"https:\/\/vorosistvan.hu\/vorosistvanwebaruhaz\/termekek\/"},{"@type":"ListItem","position":3,"name":"CD Mindenkinek j\u00f3 lesz"}]},{"@type":"WebSite","@id":"https:\/\/vorosistvan.hu\/vorosistvanwebaruhaz\/#website","url":"https:\/\/vorosistvan.hu\/vorosistvanwebaruhaz\/","name":"V\u00f6r\u00f6s Istv\u00e1n web\u00e1ruh\u00e1z","description":"","potentialAction":[{"@type":"SearchAction","target":{"@type":"EntryPoint","urlTemplate":"https:\/\/vorosistvan.hu\/vorosistvanwebaruhaz\/?s={search_term_string}"},"query-input":{"@type":"PropertyValueSpecification","valueRequired":true,"valueName":"search_term_string"}}],"inLanguage":"hu"}]}},"_links":{"self":[{"href":"https:\/\/vorosistvan.hu\/vorosistvanwebaruhaz\/wp-json\/wp\/v2\/product\/2356","targetHints":{"allow":["GET"]}}],"collection":[{"href":"https:\/\/vorosistvan.hu\/vorosistvanwebaruhaz\/wp-json\/wp\/v2\/product"}],"about":[{"href":"https:\/\/vorosistvan.hu\/vorosistvanwebaruhaz\/wp-json\/wp\/v2\/types\/product"}],"author":[{"embeddable":true,"href":"https:\/\/vorosistvan.hu\/vorosistvanwebaruhaz\/wp-json\/wp\/v2\/users\/1"}],"replies":[{"embeddable":true,"href":"https:\/\/vorosistvan.hu\/vorosistvanwebaruhaz\/wp-json\/wp\/v2\/comments?post=2356"}],"wp:featuredmedia":[{"embeddable":true,"href":"https:\/\/vorosistvan.hu\/vorosistvanwebaruhaz\/wp-json\/wp\/v2\/media\/2358"}],"wp:attachment":[{"href":"https:\/\/vorosistvan.hu\/vorosistvanwebaruhaz\/wp-json\/wp\/v2\/media?parent=2356"}],"wp:term":[{"taxonomy":"product_brand","embeddable":true,"href":"https:\/\/vorosistvan.hu\/vorosistvanwebaruhaz\/wp-json\/wp\/v2\/product_brand?post=2356"},{"taxonomy":"product_cat","embeddable":true,"href":"https:\/\/vorosistvan.hu\/vorosistvanwebaruhaz\/wp-json\/wp\/v2\/product_cat?post=2356"},{"taxonomy":"product_tag","embeddable":true,"href":"https:\/\/vorosistvan.hu\/vorosistvanwebaruhaz\/wp-json\/wp\/v2\/product_tag?post=2356"}],"curies":[{"name":"wp","href":"https:\/\/api.w.org\/{rel}","templated":true}]}}