{"id":260,"date":"2020-11-28T12:24:56","date_gmt":"2020-11-28T12:24:56","guid":{"rendered":"https:\/\/vorosistvan.hu\/vorosistvanwebaruhaz\/?post_type=product&#038;p=260"},"modified":"2023-11-02T21:44:52","modified_gmt":"2023-11-02T21:44:52","slug":"a100-legjobb-dalszoveg-szovegekg-konyv","status":"publish","type":"product","link":"https:\/\/vorosistvan.hu\/vorosistvanwebaruhaz\/termek\/a100-legjobb-dalszoveg-szovegekg-konyv\/","title":{"rendered":"V\u00d6R\u00d6S ISTV\u00c1N: A 100 legjobb dalsz\u00f6veg \/ Sz\u00f6vegk\u00f6nyv"},"content":{"rendered":"<div class=\"post-content\">\n<p><em>&#8222;Az igaznak v\u00e9lt gy\u00f6ngy\u00f6k\u00e9rt veszel a m\u00e9lybe&#8221;<\/em><\/p>\n<p><strong>V\u00d6R\u00d6S ISTV\u00c1N<\/strong><\/p>\n<p><strong>\u00a0\u00a0\u00a0\u00a0\u00a0\u00a0\u00a0\u00a0\u00a0\u00a0\u00a0\u00a0\u00a0\u00a0\u00a0\u00a0\u00a0\u00a0 \u00a0 \u00a0 \u00a0 \u00a0 \u00a0 \u00a0 \u00a0 \u00a0 \u00a0 \u00a0\u00a0 A 100 legjobb dalsz\u00f6veg<\/strong><\/p>\n<p>A jelen k\u00f6tet 100 dalsz\u00f6vege a hazai val\u00f3s\u00e1g ut\u00f3bbi n\u00e9gy \u00e9vtized\u00e9nek \u00e9lesl\u00e1t\u00f3, soksz\u00edn\u0171 t\u00fckre. \u00c9rzelem-gazdag, elm\u00e9ly\u00fcl\u00e9st \u00e9rdeml\u0151, egyszersmind olvasm\u00e1nyos, sz\u00f3rakoztat\u00f3 korrajz. Kit\u0171nik bel\u0151le V\u00f6r\u00f6s Istv\u00e1n zeneszerz\u0151, dalk\u00f6lt\u0151, git\u00e1ros-\u00e9nekes, karizmatikus frontember azon saj\u00e1toss\u00e1ga, hogy egyszerre t\u00f6bb gener\u00e1ci\u00f3hoz, sz\u00e9les mer\u00edt\u00e9s\u0171 t\u00e1rsadalmi r\u00e9tegekhez \u00e9s k\u00f6z\u00f6ss\u00e9gekhez, s minden egyes zenehallgat\u00f3hoz is szem\u00e9lyes hangon tud sz\u00f3lni.<\/p>\n<p>Mindezt olcs\u00f3 k\u00f6zhelyek, k\u00ednr\u00edmek, mesterk\u00e9lt t\u00e9mav\u00e1laszt\u00e1sok, er\u0151ltetett j\u00f3pofis\u00e1g n\u00e9lk\u00fcl. Sok humorral, ha kell k\u00edm\u00e9letlen\u00fcl, ha kell esend\u0151en. Ig\u00e9nyes, gyakran megejt\u0151 k\u00f6lt\u0151i k\u00e9pekben. Logikus, kerek, sokszor \u00e9lb\u0151l f\u00e9nyk\u00e9p- vagy filmszer\u0171 t\u00f6rt\u00e9netekben. \u00d6nmag\u00e1t \u00e9s benn\u00fcnket m\u00e9lyen elemz\u0151n \u00e9s \u00e9rt\u0151n.<\/p>\n<p>&nbsp;<\/p>\n<p><em>\u201e\u2026elenged, elkap, j\u00e1tszik velem\u2026 \u201e<\/em><\/p>\n<\/div>\n<div class=\"toolbar mb-none mt-lg\">\n<div class=\"sorter\"><\/div>\n<\/div>\n","protected":false},"excerpt":{"rendered":"<p>&#8222;Az igaznak v\u00e9lt gy\u00f6ngy\u00f6k\u00e9rt veszel a m\u00e9lybe&#8221; V\u00d6R\u00d6S ISTV\u00c1N \u00a0\u00a0\u00a0\u00a0\u00a0\u00a0\u00a0\u00a0\u00a0\u00a0\u00a0\u00a0\u00a0\u00a0\u00a0\u00a0\u00a0\u00a0 \u00a0 \u00a0 \u00a0 \u00a0 \u00a0 \u00a0 \u00a0 \u00a0 \u00a0 \u00a0\u00a0 A 100 legjobb dalsz\u00f6veg A jelen k\u00f6tet 100 dalsz\u00f6vege a hazai val\u00f3s\u00e1g ut\u00f3bbi n\u00e9gy \u00e9vtized\u00e9nek \u00e9lesl\u00e1t\u00f3, soksz\u00edn\u0171 t\u00fckre. \u00c9rzelem-gazdag, elm\u00e9ly\u00fcl\u00e9st \u00e9rdeml\u0151, egyszersmind olvasm\u00e1nyos, sz\u00f3rakoztat\u00f3 korrajz. Kit\u0171nik bel\u0151le V\u00f6r\u00f6s Istv\u00e1n zeneszerz\u0151, dalk\u00f6lt\u0151, git\u00e1ros-\u00e9nekes, karizmatikus frontember azon&hellip;&nbsp;<a href=\"https:\/\/vorosistvan.hu\/vorosistvanwebaruhaz\/termek\/a100-legjobb-dalszoveg-szovegekg-konyv\/\" rel=\"bookmark\">Read More &raquo;<span class=\"screen-reader-text\">V\u00d6R\u00d6S ISTV\u00c1N: A 100 legjobb dalsz\u00f6veg \/ Sz\u00f6vegk\u00f6nyv<\/span><\/a><\/p>\n","protected":false},"author":1,"featured_media":259,"comment_status":"closed","ping_status":"closed","template":"","meta":{"neve_meta_sidebar":"","neve_meta_container":"","neve_meta_enable_content_width":"off","neve_meta_content_width":100,"neve_meta_title_alignment":"","neve_meta_author_avatar":"","neve_post_elements_order":"","neve_meta_disable_header":"","neve_meta_disable_footer":"","neve_meta_disable_title":""},"product_brand":[],"product_cat":[25],"product_tag":[],"class_list":{"0":"post-260","1":"product","2":"type-product","3":"status-publish","4":"has-post-thumbnail","6":"product_cat-konyv","7":"product_shipping_class-konyv","9":"first","10":"instock","11":"shipping-taxable","12":"purchasable","13":"product-type-simple"},"yoast_head":"<!-- This site is optimized with the Yoast SEO plugin v27.4 - https:\/\/yoast.com\/product\/yoast-seo-wordpress\/ -->\n<title>V\u00d6R\u00d6S ISTV\u00c1N: A 100 legjobb dalsz\u00f6veg \/ Sz\u00f6vegk\u00f6nyv<\/title>\n<meta name=\"description\" content=\"V\u00d6R\u00d6S ISTV\u00c1N: A 100 legjobb dalsz\u00f6veg \/ Sz\u00f6vegk\u00f6nyv A jelen k\u00f6tet 100 dalsz\u00f6vege a hazai val\u00f3s\u00e1g ut\u00f3bbi n\u00e9gy \u00e9vtized\u00e9nek \u00e9lesl\u00e1t\u00f3, soksz\u00edn\u0171 t\u00fckre. \u00c9rzelem-gazdag, elm\u00e9ly\u00fcl\u00e9st \u00e9rdeml\u0151, egyszersmind olvasm\u00e1nyos, sz\u00f3rakoztat\u00f3 korrajz. Kit\u0171nik bel\u0151le V\u00f6r\u00f6s Istv\u00e1n zeneszerz\u0151, dalk\u00f6lt\u0151, git\u00e1ros-\u00e9nekes, karizmatikus frontember azon saj\u00e1toss\u00e1ga, hogy egyszerre t\u00f6bb gener\u00e1ci\u00f3hoz, sz\u00e9les mer\u00edt\u00e9s\u0171 t\u00e1rsadalmi r\u00e9tegekhez \u00e9s k\u00f6z\u00f6ss\u00e9gekhez, s minden egyes zenehallgat\u00f3hoz is szem\u00e9lyes hangon tud sz\u00f3lni.Mindezt olcs\u00f3 k\u00f6zhelyek, k\u00ednr\u00edmek, mesterk\u00e9lt t\u00e9mav\u00e1laszt\u00e1sok, er\u0151ltetett j\u00f3pofis\u00e1g n\u00e9lk\u00fcl. Sok humorral, ha kell k\u00edm\u00e9letlen\u00fcl, ha kell esend\u0151en. Ig\u00e9nyes, gyakran megejt\u0151 k\u00f6lt\u0151i k\u00e9pekben. Logikus, kerek, sokszor \u00e9lb\u0151l f\u00e9nyk\u00e9p- vagy filmszer\u0171 t\u00f6rt\u00e9netekben. \u00d6nmag\u00e1t \u00e9s benn\u00fcnket m\u00e9lyen elemz\u0151n \u00e9s \u00e9rt\u0151n.\" \/>\n<meta name=\"robots\" content=\"index, follow, max-snippet:-1, max-image-preview:large, max-video-preview:-1\" \/>\n<link rel=\"canonical\" href=\"https:\/\/vorosistvan.hu\/vorosistvanwebaruhaz\/termek\/a100-legjobb-dalszoveg-szovegekg-konyv\/\" \/>\n<meta property=\"og:locale\" content=\"hu_HU\" \/>\n<meta property=\"og:type\" content=\"article\" \/>\n<meta property=\"og:title\" content=\"V\u00d6R\u00d6S ISTV\u00c1N: A 100 legjobb dalsz\u00f6veg \/ Sz\u00f6vegk\u00f6nyv\" \/>\n<meta property=\"og:description\" content=\"V\u00d6R\u00d6S ISTV\u00c1N: A 100 legjobb dalsz\u00f6veg \/ Sz\u00f6vegk\u00f6nyv A jelen k\u00f6tet 100 dalsz\u00f6vege a hazai val\u00f3s\u00e1g ut\u00f3bbi n\u00e9gy \u00e9vtized\u00e9nek \u00e9lesl\u00e1t\u00f3, soksz\u00edn\u0171 t\u00fckre. \u00c9rzelem-gazdag, elm\u00e9ly\u00fcl\u00e9st \u00e9rdeml\u0151, egyszersmind olvasm\u00e1nyos, sz\u00f3rakoztat\u00f3 korrajz. Kit\u0171nik bel\u0151le V\u00f6r\u00f6s Istv\u00e1n zeneszerz\u0151, dalk\u00f6lt\u0151, git\u00e1ros-\u00e9nekes, karizmatikus frontember azon saj\u00e1toss\u00e1ga, hogy egyszerre t\u00f6bb gener\u00e1ci\u00f3hoz, sz\u00e9les mer\u00edt\u00e9s\u0171 t\u00e1rsadalmi r\u00e9tegekhez \u00e9s k\u00f6z\u00f6ss\u00e9gekhez, s minden egyes zenehallgat\u00f3hoz is szem\u00e9lyes hangon tud sz\u00f3lni.Mindezt olcs\u00f3 k\u00f6zhelyek, k\u00ednr\u00edmek, mesterk\u00e9lt t\u00e9mav\u00e1laszt\u00e1sok, er\u0151ltetett j\u00f3pofis\u00e1g n\u00e9lk\u00fcl. Sok humorral, ha kell k\u00edm\u00e9letlen\u00fcl, ha kell esend\u0151en. Ig\u00e9nyes, gyakran megejt\u0151 k\u00f6lt\u0151i k\u00e9pekben. Logikus, kerek, sokszor \u00e9lb\u0151l f\u00e9nyk\u00e9p- vagy filmszer\u0171 t\u00f6rt\u00e9netekben. \u00d6nmag\u00e1t \u00e9s benn\u00fcnket m\u00e9lyen elemz\u0151n \u00e9s \u00e9rt\u0151n.\" \/>\n<meta property=\"og:url\" content=\"https:\/\/vorosistvan.hu\/vorosistvanwebaruhaz\/termek\/a100-legjobb-dalszoveg-szovegekg-konyv\/\" \/>\n<meta property=\"og:site_name\" content=\"V\u00f6r\u00f6s Istv\u00e1n web\u00e1ruh\u00e1z\" \/>\n<meta property=\"article:modified_time\" content=\"2023-11-02T21:44:52+00:00\" \/>\n<meta property=\"og:image\" content=\"https:\/\/vorosistvan.hu\/vorosistvanwebaruhaz\/wp-content\/uploads\/2020\/11\/konyv-voros-istvan-a-100-legjobb-dalszoveg-525263.jpg\" \/>\n\t<meta property=\"og:image:width\" content=\"800\" \/>\n\t<meta property=\"og:image:height\" content=\"606\" \/>\n\t<meta property=\"og:image:type\" content=\"image\/jpeg\" \/>\n<meta name=\"twitter:card\" content=\"summary_large_image\" \/>\n<meta name=\"twitter:label1\" content=\"Becs\u00fclt olvas\u00e1si id\u0151\" \/>\n\t<meta name=\"twitter:data1\" content=\"1 perc\" \/>\n<script type=\"application\/ld+json\" class=\"yoast-schema-graph\">{\"@context\":\"https:\\\/\\\/schema.org\",\"@graph\":[{\"@type\":\"WebPage\",\"@id\":\"https:\\\/\\\/vorosistvan.hu\\\/vorosistvanwebaruhaz\\\/termek\\\/a100-legjobb-dalszoveg-szovegekg-konyv\\\/\",\"url\":\"https:\\\/\\\/vorosistvan.hu\\\/vorosistvanwebaruhaz\\\/termek\\\/a100-legjobb-dalszoveg-szovegekg-konyv\\\/\",\"name\":\"V\u00d6R\u00d6S ISTV\u00c1N: A 100 legjobb dalsz\u00f6veg \\\/ Sz\u00f6vegk\u00f6nyv\",\"isPartOf\":{\"@id\":\"https:\\\/\\\/vorosistvan.hu\\\/vorosistvanwebaruhaz\\\/#website\"},\"primaryImageOfPage\":{\"@id\":\"https:\\\/\\\/vorosistvan.hu\\\/vorosistvanwebaruhaz\\\/termek\\\/a100-legjobb-dalszoveg-szovegekg-konyv\\\/#primaryimage\"},\"image\":{\"@id\":\"https:\\\/\\\/vorosistvan.hu\\\/vorosistvanwebaruhaz\\\/termek\\\/a100-legjobb-dalszoveg-szovegekg-konyv\\\/#primaryimage\"},\"thumbnailUrl\":\"https:\\\/\\\/vorosistvan.hu\\\/vorosistvanwebaruhaz\\\/wp-content\\\/uploads\\\/2020\\\/11\\\/konyv-voros-istvan-a-100-legjobb-dalszoveg-525263.jpg\",\"datePublished\":\"2020-11-28T12:24:56+00:00\",\"dateModified\":\"2023-11-02T21:44:52+00:00\",\"description\":\"V\u00d6R\u00d6S ISTV\u00c1N: A 100 legjobb dalsz\u00f6veg \\\/ Sz\u00f6vegk\u00f6nyv A jelen k\u00f6tet 100 dalsz\u00f6vege a hazai val\u00f3s\u00e1g ut\u00f3bbi n\u00e9gy \u00e9vtized\u00e9nek \u00e9lesl\u00e1t\u00f3, soksz\u00edn\u0171 t\u00fckre. \u00c9rzelem-gazdag, elm\u00e9ly\u00fcl\u00e9st \u00e9rdeml\u0151, egyszersmind olvasm\u00e1nyos, sz\u00f3rakoztat\u00f3 korrajz. Kit\u0171nik bel\u0151le V\u00f6r\u00f6s Istv\u00e1n zeneszerz\u0151, dalk\u00f6lt\u0151, git\u00e1ros-\u00e9nekes, karizmatikus frontember azon saj\u00e1toss\u00e1ga, hogy egyszerre t\u00f6bb gener\u00e1ci\u00f3hoz, sz\u00e9les mer\u00edt\u00e9s\u0171 t\u00e1rsadalmi r\u00e9tegekhez \u00e9s k\u00f6z\u00f6ss\u00e9gekhez, s minden egyes zenehallgat\u00f3hoz is szem\u00e9lyes hangon tud sz\u00f3lni.Mindezt olcs\u00f3 k\u00f6zhelyek, k\u00ednr\u00edmek, mesterk\u00e9lt t\u00e9mav\u00e1laszt\u00e1sok, er\u0151ltetett j\u00f3pofis\u00e1g n\u00e9lk\u00fcl. Sok humorral, ha kell k\u00edm\u00e9letlen\u00fcl, ha kell esend\u0151en. Ig\u00e9nyes, gyakran megejt\u0151 k\u00f6lt\u0151i k\u00e9pekben. Logikus, kerek, sokszor \u00e9lb\u0151l f\u00e9nyk\u00e9p- vagy filmszer\u0171 t\u00f6rt\u00e9netekben. \u00d6nmag\u00e1t \u00e9s benn\u00fcnket m\u00e9lyen elemz\u0151n \u00e9s \u00e9rt\u0151n.\",\"breadcrumb\":{\"@id\":\"https:\\\/\\\/vorosistvan.hu\\\/vorosistvanwebaruhaz\\\/termek\\\/a100-legjobb-dalszoveg-szovegekg-konyv\\\/#breadcrumb\"},\"inLanguage\":\"hu\",\"potentialAction\":[{\"@type\":\"ReadAction\",\"target\":[\"https:\\\/\\\/vorosistvan.hu\\\/vorosistvanwebaruhaz\\\/termek\\\/a100-legjobb-dalszoveg-szovegekg-konyv\\\/\"]}]},{\"@type\":\"ImageObject\",\"inLanguage\":\"hu\",\"@id\":\"https:\\\/\\\/vorosistvan.hu\\\/vorosistvanwebaruhaz\\\/termek\\\/a100-legjobb-dalszoveg-szovegekg-konyv\\\/#primaryimage\",\"url\":\"https:\\\/\\\/vorosistvan.hu\\\/vorosistvanwebaruhaz\\\/wp-content\\\/uploads\\\/2020\\\/11\\\/konyv-voros-istvan-a-100-legjobb-dalszoveg-525263.jpg\",\"contentUrl\":\"https:\\\/\\\/vorosistvan.hu\\\/vorosistvanwebaruhaz\\\/wp-content\\\/uploads\\\/2020\\\/11\\\/konyv-voros-istvan-a-100-legjobb-dalszoveg-525263.jpg\",\"width\":800,\"height\":606},{\"@type\":\"BreadcrumbList\",\"@id\":\"https:\\\/\\\/vorosistvan.hu\\\/vorosistvanwebaruhaz\\\/termek\\\/a100-legjobb-dalszoveg-szovegekg-konyv\\\/#breadcrumb\",\"itemListElement\":[{\"@type\":\"ListItem\",\"position\":1,\"name\":\"Kezd\u0151lap\",\"item\":\"https:\\\/\\\/vorosistvan.hu\\\/vorosistvanwebaruhaz\\\/\"},{\"@type\":\"ListItem\",\"position\":2,\"name\":\"TERM\u00c9KEK\",\"item\":\"https:\\\/\\\/vorosistvan.hu\\\/vorosistvanwebaruhaz\\\/termekek\\\/\"},{\"@type\":\"ListItem\",\"position\":3,\"name\":\"V\u00d6R\u00d6S ISTV\u00c1N: A 100 legjobb dalsz\u00f6veg \\\/ Sz\u00f6vegk\u00f6nyv\"}]},{\"@type\":\"WebSite\",\"@id\":\"https:\\\/\\\/vorosistvan.hu\\\/vorosistvanwebaruhaz\\\/#website\",\"url\":\"https:\\\/\\\/vorosistvan.hu\\\/vorosistvanwebaruhaz\\\/\",\"name\":\"V\u00f6r\u00f6s Istv\u00e1n web\u00e1ruh\u00e1z\",\"description\":\"\",\"potentialAction\":[{\"@type\":\"SearchAction\",\"target\":{\"@type\":\"EntryPoint\",\"urlTemplate\":\"https:\\\/\\\/vorosistvan.hu\\\/vorosistvanwebaruhaz\\\/?s={search_term_string}\"},\"query-input\":{\"@type\":\"PropertyValueSpecification\",\"valueRequired\":true,\"valueName\":\"search_term_string\"}}],\"inLanguage\":\"hu\"}]}<\/script>\n<!-- \/ Yoast SEO plugin. -->","yoast_head_json":{"title":"V\u00d6R\u00d6S ISTV\u00c1N: A 100 legjobb dalsz\u00f6veg \/ Sz\u00f6vegk\u00f6nyv","description":"V\u00d6R\u00d6S ISTV\u00c1N: A 100 legjobb dalsz\u00f6veg \/ Sz\u00f6vegk\u00f6nyv A jelen k\u00f6tet 100 dalsz\u00f6vege a hazai val\u00f3s\u00e1g ut\u00f3bbi n\u00e9gy \u00e9vtized\u00e9nek \u00e9lesl\u00e1t\u00f3, soksz\u00edn\u0171 t\u00fckre. \u00c9rzelem-gazdag, elm\u00e9ly\u00fcl\u00e9st \u00e9rdeml\u0151, egyszersmind olvasm\u00e1nyos, sz\u00f3rakoztat\u00f3 korrajz. Kit\u0171nik bel\u0151le V\u00f6r\u00f6s Istv\u00e1n zeneszerz\u0151, dalk\u00f6lt\u0151, git\u00e1ros-\u00e9nekes, karizmatikus frontember azon saj\u00e1toss\u00e1ga, hogy egyszerre t\u00f6bb gener\u00e1ci\u00f3hoz, sz\u00e9les mer\u00edt\u00e9s\u0171 t\u00e1rsadalmi r\u00e9tegekhez \u00e9s k\u00f6z\u00f6ss\u00e9gekhez, s minden egyes zenehallgat\u00f3hoz is szem\u00e9lyes hangon tud sz\u00f3lni.Mindezt olcs\u00f3 k\u00f6zhelyek, k\u00ednr\u00edmek, mesterk\u00e9lt t\u00e9mav\u00e1laszt\u00e1sok, er\u0151ltetett j\u00f3pofis\u00e1g n\u00e9lk\u00fcl. Sok humorral, ha kell k\u00edm\u00e9letlen\u00fcl, ha kell esend\u0151en. Ig\u00e9nyes, gyakran megejt\u0151 k\u00f6lt\u0151i k\u00e9pekben. Logikus, kerek, sokszor \u00e9lb\u0151l f\u00e9nyk\u00e9p- vagy filmszer\u0171 t\u00f6rt\u00e9netekben. \u00d6nmag\u00e1t \u00e9s benn\u00fcnket m\u00e9lyen elemz\u0151n \u00e9s \u00e9rt\u0151n.","robots":{"index":"index","follow":"follow","max-snippet":"max-snippet:-1","max-image-preview":"max-image-preview:large","max-video-preview":"max-video-preview:-1"},"canonical":"https:\/\/vorosistvan.hu\/vorosistvanwebaruhaz\/termek\/a100-legjobb-dalszoveg-szovegekg-konyv\/","og_locale":"hu_HU","og_type":"article","og_title":"V\u00d6R\u00d6S ISTV\u00c1N: A 100 legjobb dalsz\u00f6veg \/ Sz\u00f6vegk\u00f6nyv","og_description":"V\u00d6R\u00d6S ISTV\u00c1N: A 100 legjobb dalsz\u00f6veg \/ Sz\u00f6vegk\u00f6nyv A jelen k\u00f6tet 100 dalsz\u00f6vege a hazai val\u00f3s\u00e1g ut\u00f3bbi n\u00e9gy \u00e9vtized\u00e9nek \u00e9lesl\u00e1t\u00f3, soksz\u00edn\u0171 t\u00fckre. \u00c9rzelem-gazdag, elm\u00e9ly\u00fcl\u00e9st \u00e9rdeml\u0151, egyszersmind olvasm\u00e1nyos, sz\u00f3rakoztat\u00f3 korrajz. Kit\u0171nik bel\u0151le V\u00f6r\u00f6s Istv\u00e1n zeneszerz\u0151, dalk\u00f6lt\u0151, git\u00e1ros-\u00e9nekes, karizmatikus frontember azon saj\u00e1toss\u00e1ga, hogy egyszerre t\u00f6bb gener\u00e1ci\u00f3hoz, sz\u00e9les mer\u00edt\u00e9s\u0171 t\u00e1rsadalmi r\u00e9tegekhez \u00e9s k\u00f6z\u00f6ss\u00e9gekhez, s minden egyes zenehallgat\u00f3hoz is szem\u00e9lyes hangon tud sz\u00f3lni.Mindezt olcs\u00f3 k\u00f6zhelyek, k\u00ednr\u00edmek, mesterk\u00e9lt t\u00e9mav\u00e1laszt\u00e1sok, er\u0151ltetett j\u00f3pofis\u00e1g n\u00e9lk\u00fcl. Sok humorral, ha kell k\u00edm\u00e9letlen\u00fcl, ha kell esend\u0151en. Ig\u00e9nyes, gyakran megejt\u0151 k\u00f6lt\u0151i k\u00e9pekben. Logikus, kerek, sokszor \u00e9lb\u0151l f\u00e9nyk\u00e9p- vagy filmszer\u0171 t\u00f6rt\u00e9netekben. \u00d6nmag\u00e1t \u00e9s benn\u00fcnket m\u00e9lyen elemz\u0151n \u00e9s \u00e9rt\u0151n.","og_url":"https:\/\/vorosistvan.hu\/vorosistvanwebaruhaz\/termek\/a100-legjobb-dalszoveg-szovegekg-konyv\/","og_site_name":"V\u00f6r\u00f6s Istv\u00e1n web\u00e1ruh\u00e1z","article_modified_time":"2023-11-02T21:44:52+00:00","og_image":[{"width":800,"height":606,"url":"https:\/\/vorosistvan.hu\/vorosistvanwebaruhaz\/wp-content\/uploads\/2020\/11\/konyv-voros-istvan-a-100-legjobb-dalszoveg-525263.jpg","type":"image\/jpeg"}],"twitter_card":"summary_large_image","twitter_misc":{"Becs\u00fclt olvas\u00e1si id\u0151":"1 perc"},"schema":{"@context":"https:\/\/schema.org","@graph":[{"@type":"WebPage","@id":"https:\/\/vorosistvan.hu\/vorosistvanwebaruhaz\/termek\/a100-legjobb-dalszoveg-szovegekg-konyv\/","url":"https:\/\/vorosistvan.hu\/vorosistvanwebaruhaz\/termek\/a100-legjobb-dalszoveg-szovegekg-konyv\/","name":"V\u00d6R\u00d6S ISTV\u00c1N: A 100 legjobb dalsz\u00f6veg \/ Sz\u00f6vegk\u00f6nyv","isPartOf":{"@id":"https:\/\/vorosistvan.hu\/vorosistvanwebaruhaz\/#website"},"primaryImageOfPage":{"@id":"https:\/\/vorosistvan.hu\/vorosistvanwebaruhaz\/termek\/a100-legjobb-dalszoveg-szovegekg-konyv\/#primaryimage"},"image":{"@id":"https:\/\/vorosistvan.hu\/vorosistvanwebaruhaz\/termek\/a100-legjobb-dalszoveg-szovegekg-konyv\/#primaryimage"},"thumbnailUrl":"https:\/\/vorosistvan.hu\/vorosistvanwebaruhaz\/wp-content\/uploads\/2020\/11\/konyv-voros-istvan-a-100-legjobb-dalszoveg-525263.jpg","datePublished":"2020-11-28T12:24:56+00:00","dateModified":"2023-11-02T21:44:52+00:00","description":"V\u00d6R\u00d6S ISTV\u00c1N: A 100 legjobb dalsz\u00f6veg \/ Sz\u00f6vegk\u00f6nyv A jelen k\u00f6tet 100 dalsz\u00f6vege a hazai val\u00f3s\u00e1g ut\u00f3bbi n\u00e9gy \u00e9vtized\u00e9nek \u00e9lesl\u00e1t\u00f3, soksz\u00edn\u0171 t\u00fckre. \u00c9rzelem-gazdag, elm\u00e9ly\u00fcl\u00e9st \u00e9rdeml\u0151, egyszersmind olvasm\u00e1nyos, sz\u00f3rakoztat\u00f3 korrajz. Kit\u0171nik bel\u0151le V\u00f6r\u00f6s Istv\u00e1n zeneszerz\u0151, dalk\u00f6lt\u0151, git\u00e1ros-\u00e9nekes, karizmatikus frontember azon saj\u00e1toss\u00e1ga, hogy egyszerre t\u00f6bb gener\u00e1ci\u00f3hoz, sz\u00e9les mer\u00edt\u00e9s\u0171 t\u00e1rsadalmi r\u00e9tegekhez \u00e9s k\u00f6z\u00f6ss\u00e9gekhez, s minden egyes zenehallgat\u00f3hoz is szem\u00e9lyes hangon tud sz\u00f3lni.Mindezt olcs\u00f3 k\u00f6zhelyek, k\u00ednr\u00edmek, mesterk\u00e9lt t\u00e9mav\u00e1laszt\u00e1sok, er\u0151ltetett j\u00f3pofis\u00e1g n\u00e9lk\u00fcl. Sok humorral, ha kell k\u00edm\u00e9letlen\u00fcl, ha kell esend\u0151en. Ig\u00e9nyes, gyakran megejt\u0151 k\u00f6lt\u0151i k\u00e9pekben. Logikus, kerek, sokszor \u00e9lb\u0151l f\u00e9nyk\u00e9p- vagy filmszer\u0171 t\u00f6rt\u00e9netekben. \u00d6nmag\u00e1t \u00e9s benn\u00fcnket m\u00e9lyen elemz\u0151n \u00e9s \u00e9rt\u0151n.","breadcrumb":{"@id":"https:\/\/vorosistvan.hu\/vorosistvanwebaruhaz\/termek\/a100-legjobb-dalszoveg-szovegekg-konyv\/#breadcrumb"},"inLanguage":"hu","potentialAction":[{"@type":"ReadAction","target":["https:\/\/vorosistvan.hu\/vorosistvanwebaruhaz\/termek\/a100-legjobb-dalszoveg-szovegekg-konyv\/"]}]},{"@type":"ImageObject","inLanguage":"hu","@id":"https:\/\/vorosistvan.hu\/vorosistvanwebaruhaz\/termek\/a100-legjobb-dalszoveg-szovegekg-konyv\/#primaryimage","url":"https:\/\/vorosistvan.hu\/vorosistvanwebaruhaz\/wp-content\/uploads\/2020\/11\/konyv-voros-istvan-a-100-legjobb-dalszoveg-525263.jpg","contentUrl":"https:\/\/vorosistvan.hu\/vorosistvanwebaruhaz\/wp-content\/uploads\/2020\/11\/konyv-voros-istvan-a-100-legjobb-dalszoveg-525263.jpg","width":800,"height":606},{"@type":"BreadcrumbList","@id":"https:\/\/vorosistvan.hu\/vorosistvanwebaruhaz\/termek\/a100-legjobb-dalszoveg-szovegekg-konyv\/#breadcrumb","itemListElement":[{"@type":"ListItem","position":1,"name":"Kezd\u0151lap","item":"https:\/\/vorosistvan.hu\/vorosistvanwebaruhaz\/"},{"@type":"ListItem","position":2,"name":"TERM\u00c9KEK","item":"https:\/\/vorosistvan.hu\/vorosistvanwebaruhaz\/termekek\/"},{"@type":"ListItem","position":3,"name":"V\u00d6R\u00d6S ISTV\u00c1N: A 100 legjobb dalsz\u00f6veg \/ Sz\u00f6vegk\u00f6nyv"}]},{"@type":"WebSite","@id":"https:\/\/vorosistvan.hu\/vorosistvanwebaruhaz\/#website","url":"https:\/\/vorosistvan.hu\/vorosistvanwebaruhaz\/","name":"V\u00f6r\u00f6s Istv\u00e1n web\u00e1ruh\u00e1z","description":"","potentialAction":[{"@type":"SearchAction","target":{"@type":"EntryPoint","urlTemplate":"https:\/\/vorosistvan.hu\/vorosistvanwebaruhaz\/?s={search_term_string}"},"query-input":{"@type":"PropertyValueSpecification","valueRequired":true,"valueName":"search_term_string"}}],"inLanguage":"hu"}]}},"_links":{"self":[{"href":"https:\/\/vorosistvan.hu\/vorosistvanwebaruhaz\/wp-json\/wp\/v2\/product\/260","targetHints":{"allow":["GET"]}}],"collection":[{"href":"https:\/\/vorosistvan.hu\/vorosistvanwebaruhaz\/wp-json\/wp\/v2\/product"}],"about":[{"href":"https:\/\/vorosistvan.hu\/vorosistvanwebaruhaz\/wp-json\/wp\/v2\/types\/product"}],"author":[{"embeddable":true,"href":"https:\/\/vorosistvan.hu\/vorosistvanwebaruhaz\/wp-json\/wp\/v2\/users\/1"}],"replies":[{"embeddable":true,"href":"https:\/\/vorosistvan.hu\/vorosistvanwebaruhaz\/wp-json\/wp\/v2\/comments?post=260"}],"wp:featuredmedia":[{"embeddable":true,"href":"https:\/\/vorosistvan.hu\/vorosistvanwebaruhaz\/wp-json\/wp\/v2\/media\/259"}],"wp:attachment":[{"href":"https:\/\/vorosistvan.hu\/vorosistvanwebaruhaz\/wp-json\/wp\/v2\/media?parent=260"}],"wp:term":[{"taxonomy":"product_brand","embeddable":true,"href":"https:\/\/vorosistvan.hu\/vorosistvanwebaruhaz\/wp-json\/wp\/v2\/product_brand?post=260"},{"taxonomy":"product_cat","embeddable":true,"href":"https:\/\/vorosistvan.hu\/vorosistvanwebaruhaz\/wp-json\/wp\/v2\/product_cat?post=260"},{"taxonomy":"product_tag","embeddable":true,"href":"https:\/\/vorosistvan.hu\/vorosistvanwebaruhaz\/wp-json\/wp\/v2\/product_tag?post=260"}],"curies":[{"name":"wp","href":"https:\/\/api.w.org\/{rel}","templated":true}]}}